{"id":4539,"date":"2018-05-12T17:55:50","date_gmt":"2018-05-12T16:55:50","guid":{"rendered":"http:\/\/bdmiam.fr\/?page_id=4539"},"modified":"2025-06-19T21:54:31","modified_gmt":"2025-06-19T19:54:31","slug":"djief","status":"publish","type":"page","link":"https:\/\/bdmiam.fr\/index.php\/festival-2025-10eme-edition\/djief\/","title":{"rendered":"Djief"},"content":{"rendered":"<p><a class=\"screen-reader-text skip-link\" href=\"https:\/\/bdmiam.wordpress.com\/nos-artistes\/djief\/#content\">Skip to content<\/a><a class=\"screen-reader-text search-toggle\" style=\"display: inline !important;\" href=\"https:\/\/bdmiam.wordpress.com\/nos-artistes\/djief\/#search-container\">arcDh<\/a><a href=\"https:\/\/i0.wp.com\/bdmiam.fr\/wp-content\/uploads\/2018\/05\/Photo_12363.jpg?ssl=1\"><img data-recalc-dims=\"1\" loading=\"lazy\" decoding=\"async\" class=\"size-medium wp-image-4528 aligncenter\" src=\"https:\/\/i0.wp.com\/bdmiam.fr\/wp-content\/uploads\/2018\/05\/Photo_12363.jpg?resize=300%2C300&#038;ssl=1\" alt=\"\" width=\"300\" height=\"300\" \/><\/a><\/p>\n<div class=\"wrapper section medium-padding\">\n<div id=\"content\" class=\"content clear fleft\">\n<article id=\"post-95\" class=\"post-95 page type-page status-publish hentry clear\">\n<div class=\"post-content clear\">\n<p style=\"text-align: center;\">N\u00e9 un 7 juillet 1971 au Qu\u00e9bec, <strong>Djief<\/strong> est dessinateur et auteur de bandes dessin\u00e9es passionn\u00e9. Ses comp\u00e9tences touchent les domaines du multim\u00e9dia et des jeux vid\u00e9o en passant par le storyboard et l\u2019illustration. Apr\u00e8s des \u00e9tudes en graphisme, Djief est recrut\u00e9 par une firme de production vid\u00e9o de la r\u00e9gion de Qu\u00e9bec. En quelques semaines, il apprend le m\u00e9tier d\u2019infographiste 3D et flairant le potentiel de l\u2019imagerie virtuelle et des nouveaux m\u00e9dias, il fonde avec ses fr\u00e8res et quelques amis \u201d Studio virtuel concept\u201d. Il y travaille \u00e0 titre de concepteur-infographiste ou de directeur artistique sur les principaux mandats de l\u2019entreprise jusqu\u2019en 99. Son exp\u00e9rience lui permet alors de devenir concepteur de jeux vid\u00e9o pour A2M pendant pr\u00e8s d\u2019un an et par la suite de se joindre \u00e0 l\u2019\u00e9quipe de Sarbakan comme concepteur. Enfin, apr\u00e8s 4 ans pass\u00e9s dans le domaine du jeu vid\u00e9o, il se tourne vers la bande dessin\u00e9e en devenant dessinateur pour le studio Grafiksismik. Par la suite, il devient auteur de bandes dessin\u00e9es ind\u00e9pendant. Il a remport\u00e9 des prix \u00e0 titre de cr\u00e9ateur de BD dont un international et a particip\u00e9 \u00e0 plusieurs publications dans le domaine du 9e Art. Son exp\u00e9rience dans le monde de la bande dessin\u00e9e lui a permit de collaborer avec des sc\u00e9naristes comme Stanley P\u00e9an et Andr\u00e9-Philippe C\u00f4t\u00e9. Il a publi\u00e9 r\u00e9cemment de courts r\u00e9cits dans le magazine SPIROU sur des sc\u00e9narios d\u2019Alcante (PANDORA BOX) et illustr\u00e9 pour le march\u00e9 Nord-Am\u00e9ricain une s\u00e9rie intitul\u00e9e : The Grimoire sc\u00e9naris\u00e9 par S\u00e9bastien Caisse. Il est travaille pr\u00e9sentement avec Nicolas Jarry (sc. de Brumes d\u2019Asceltis\/Chroniques de Magon) pour les \u00e9ditions Soleil sur la s\u00e9rie en deux volets <em>Tokyo Ghost<\/em> ainsi que sur <em>Cr\u00e9puscule des dieux<\/em>.<\/p>\n<p><a href=\"https:\/\/bdmiam.fr\/wp-content\/uploads\/2018\/05\/Couv_313129.jpg\">\u00a0\u00a0\u00a0\u00a0\u00a0\u00a0\u00a0\u00a0\u00a0\u00a0\u00a0\u00a0\u00a0\u00a0\u00a0\u00a0\u00a0\u00a0\u00a0\u00a0\u00a0\u00a0\u00a0\u00a0\u00a0\u00a0\u00a0\u00a0\u00a0\u00a0\u00a0\u00a0<\/a> <a href=\"https:\/\/i0.wp.com\/bdmiam.fr\/wp-content\/uploads\/2018\/05\/Couv_305169.jpg?ssl=1\"><img data-recalc-dims=\"1\" loading=\"lazy\" decoding=\"async\" class=\"alignnone wp-image-4523\" src=\"https:\/\/i0.wp.com\/bdmiam.fr\/wp-content\/uploads\/2018\/05\/Couv_305169.jpg?resize=162%2C227&#038;ssl=1\" alt=\"\" width=\"162\" height=\"227\" \/><\/a><a href=\"https:\/\/i0.wp.com\/bdmiam.fr\/wp-content\/uploads\/2018\/05\/Couv_313129.jpg?ssl=1\">\u00a0<img data-recalc-dims=\"1\" loading=\"lazy\" decoding=\"async\" class=\"alignnone wp-image-4526\" src=\"https:\/\/i0.wp.com\/bdmiam.fr\/wp-content\/uploads\/2018\/05\/Couv_313129.jpg?resize=194%2C254&#038;ssl=1\" alt=\"\" width=\"194\" height=\"254\" \/><\/a> <a href=\"https:\/\/i0.wp.com\/bdmiam.fr\/wp-content\/uploads\/2018\/05\/Couv_216417.jpg?ssl=1\"><img data-recalc-dims=\"1\" loading=\"lazy\" decoding=\"async\" class=\"alignnone wp-image-4520\" src=\"https:\/\/i0.wp.com\/bdmiam.fr\/wp-content\/uploads\/2018\/05\/Couv_216417.jpg?resize=171%2C226&#038;ssl=1\" alt=\"\" width=\"171\" height=\"226\" \/><\/a><\/p>\n<p>&nbsp;<\/p>\n<p style=\"text-align: center;\">Source : <a href=\"https:\/\/www.bedetheque.com\/auteur-12363-BD-Djief.html\" target=\"_blank\" rel=\"nofollow noopener\">bedetheque<\/a><\/p>\n<div id=\"jp-post-flair\" class=\"sharedaddy sd-like-enabled sd-sharing-enabled\">\n<div class=\"sharedaddy sd-sharing-enabled\">\n<div class=\"robots-nocontent sd-block sd-social sd-social-icon-text sd-sharing\"><\/div>\n<\/div>\n<\/div>\n<\/div>\n<\/article>\n<\/div>\n<p>&nbsp;<\/p>\n<\/div>\n<div class=\"credits section bg-dark small-padding\">\n<div class=\"credits-inner section-inner clear\">\n<p class=\"credits-right fright\">\n<\/div>\n<\/div>\n","protected":false},"excerpt":{"rendered":"<p>Skip to contentarcDh N\u00e9 un 7 juillet 1971 au Qu\u00e9bec, Djief est dessinateur et auteur de bandes dessin\u00e9es passionn\u00e9. Ses comp\u00e9tences touchent les domaines du multim\u00e9dia et des jeux vid\u00e9o en passant par le storyboard et l\u2019illustration. Apr\u00e8s des \u00e9tudes en graphisme, Djief est recrut\u00e9 par une firme de production vid\u00e9o de la r\u00e9gion de [&hellip;]<\/p>\n","protected":false},"author":6,"featured_media":4540,"parent":7007,"menu_order":0,"comment_status":"closed","ping_status":"closed","template":"","meta":{"footnotes":""},"class_list":["post-4539","page","type-page","status-publish","has-post-thumbnail","hentry"],"jetpack_sharing_enabled":true,"_links":{"self":[{"href":"https:\/\/bdmiam.fr\/index.php\/wp-json\/wp\/v2\/pages\/4539","targetHints":{"allow":["GET"]}}],"collection":[{"href":"https:\/\/bdmiam.fr\/index.php\/wp-json\/wp\/v2\/pages"}],"about":[{"href":"https:\/\/bdmiam.fr\/index.php\/wp-json\/wp\/v2\/types\/page"}],"author":[{"embeddable":true,"href":"https:\/\/bdmiam.fr\/index.php\/wp-json\/wp\/v2\/users\/6"}],"replies":[{"embeddable":true,"href":"https:\/\/bdmiam.fr\/index.php\/wp-json\/wp\/v2\/comments?post=4539"}],"version-history":[{"count":1,"href":"https:\/\/bdmiam.fr\/index.php\/wp-json\/wp\/v2\/pages\/4539\/revisions"}],"predecessor-version":[{"id":7339,"href":"https:\/\/bdmiam.fr\/index.php\/wp-json\/wp\/v2\/pages\/4539\/revisions\/7339"}],"up":[{"embeddable":true,"href":"https:\/\/bdmiam.fr\/index.php\/wp-json\/wp\/v2\/pages\/7007"}],"wp:featuredmedia":[{"embeddable":true,"href":"https:\/\/bdmiam.fr\/index.php\/wp-json\/wp\/v2\/media\/4540"}],"wp:attachment":[{"href":"https:\/\/bdmiam.fr\/index.php\/wp-json\/wp\/v2\/media?parent=4539"}],"curies":[{"name":"wp","href":"https:\/\/api.w.org\/{rel}","templated":true}]}}