{"id":4640,"date":"2018-05-17T12:39:05","date_gmt":"2018-05-17T11:39:05","guid":{"rendered":"http:\/\/bdmiam.fr\/?page_id=4640"},"modified":"2018-05-17T12:39:05","modified_gmt":"2018-05-17T11:39:05","slug":"laurent-dufreney","status":"publish","type":"page","link":"https:\/\/bdmiam.fr\/index.php\/nos-artistes\/laurent-dufreney\/","title":{"rendered":"Laurent Dufreney"},"content":{"rendered":"<div style=\"text-align: center;\">\n<p><a href=\"https:\/\/i0.wp.com\/bdmiam.fr\/wp-content\/uploads\/2018\/05\/AVT_Laurent-Dufreney_7378.jpg?ssl=1\"><img data-recalc-dims=\"1\" loading=\"lazy\" decoding=\"async\" src=\"https:\/\/i0.wp.com\/bdmiam.fr\/wp-content\/uploads\/2018\/05\/AVT_Laurent-Dufreney_7378.jpg?resize=259%2C194&#038;ssl=1\" alt=\"\" class=\"size-full wp-image-4641 aligncenter\" width=\"259\" height=\"194\" \/><\/a><b><\/b><\/p>\n<\/div>\n<p style=\"text-align: center;\"><b>Laurent Dufreney<\/b> est n\u00e9 en 1979 \u00e0 Chamb\u00e9ry, o\u00f9 il r\u00e9side. Il s&rsquo;est form\u00e9 au dessin \u00e0\u00a0 l&rsquo;ENAAI \u00e0 Chamb\u00e9ry de 1999 \u00e0 2001, puis s&rsquo;est sp\u00e9cialis\u00e9 en animation 3D \u00e0 l&rsquo;EMCI d&rsquo;Angoul\u00eame.<\/p>\n<p style=\"text-align: center;\">Apr\u00e8s une exp\u00e9rience dans le cin\u00e9ma sur les longs m\u00e9trages Alexandre, d\u2019Oliver Stone, et Arthur et les Minimoys, de Luc Besson, il travaille les s\u00e9ries anim\u00e9es, Grabouillon et Blaise le blas\u00e9.<\/p>\n<p style=\"text-align: center;\">\u00c0 partir de 2008, Laurent se consacre \u00e0 l\u2019illustration et au dessin, avec notamment <i>Zo\u00e9 Super<\/i> chaque mois aux Editions Milan. Il est l\u2019auteur, avec <b>Miss Prickly<\/b>, des s\u00e9ries <i><span>A cheval\u00a0!<\/span><\/i> Et <i>Les Cochons Dingues<\/i>.<\/p>\n<p style=\"text-align: center;\">Son blog : <a href=\"http:\/\/laurentdufreney.canalblog.com\/\" target=\"_blank\" rel=\"noopener\">http:\/\/laurentdufreney.canalblog.com\/<\/a><\/p>\n<div style=\"text-align: center;\">\n<p><a href=\"https:\/\/i0.wp.com\/bdmiam.fr\/wp-content\/uploads\/2018\/05\/a-cheval-mandrou.jpg?ssl=1\"><img data-recalc-dims=\"1\" loading=\"lazy\" decoding=\"async\" src=\"https:\/\/i0.wp.com\/bdmiam.fr\/wp-content\/uploads\/2018\/05\/a-cheval-mandrou.jpg?resize=227%2C300&#038;ssl=1\" alt=\"\" class=\"alignnone size-medium wp-image-4633\" width=\"227\" height=\"300\" \/><\/a>\u00a0 <a href=\"https:\/\/i0.wp.com\/bdmiam.fr\/wp-content\/uploads\/2018\/05\/cochonsDingues.jpg?ssl=1\"><img data-recalc-dims=\"1\" loading=\"lazy\" decoding=\"async\" src=\"https:\/\/i0.wp.com\/bdmiam.fr\/wp-content\/uploads\/2018\/05\/cochonsDingues.jpg?resize=227%2C300&#038;ssl=1\" alt=\"\" class=\"alignnone size-medium wp-image-4643\" width=\"227\" height=\"300\" \/><\/a>\u00a0 <a href=\"https:\/\/i0.wp.com\/bdmiam.fr\/wp-content\/uploads\/2018\/05\/71HXc5eXdTL.jpg?ssl=1\"><img data-recalc-dims=\"1\" loading=\"lazy\" decoding=\"async\" src=\"https:\/\/i0.wp.com\/bdmiam.fr\/wp-content\/uploads\/2018\/05\/71HXc5eXdTL.jpg?resize=238%2C300&#038;ssl=1\" alt=\"\" class=\"alignnone size-medium wp-image-4642\" width=\"238\" height=\"300\" \/><\/a><\/p>\n<\/div>\n<div style=\"text-align: center;\"><\/div>\n<div style=\"text-align: center;\"><\/div>\n<div style=\"text-align: center;\">Source : <a href=\"https:\/\/www.babelio.com\/auteur\/Laurent-Dufreney\/275486\" target=\"_blank\" rel=\"noopener\">Babelio<\/a><\/div>\n","protected":false},"excerpt":{"rendered":"<p>Laurent Dufreney est n\u00e9 en 1979 \u00e0 Chamb\u00e9ry, o\u00f9 il r\u00e9side. Il s&rsquo;est form\u00e9 au dessin \u00e0\u00a0 l&rsquo;ENAAI \u00e0 Chamb\u00e9ry de 1999 \u00e0 2001, puis s&rsquo;est sp\u00e9cialis\u00e9 en animation 3D \u00e0 l&rsquo;EMCI d&rsquo;Angoul\u00eame. Apr\u00e8s une exp\u00e9rience dans le cin\u00e9ma sur les longs m\u00e9trages Alexandre, d\u2019Oliver Stone, et Arthur et les Minimoys, de Luc Besson, il [&hellip;]<\/p>\n","protected":false},"author":4,"featured_media":4633,"parent":4494,"menu_order":0,"comment_status":"closed","ping_status":"closed","template":"","meta":{"footnotes":""},"class_list":["post-4640","page","type-page","status-publish","has-post-thumbnail","hentry"],"jetpack_sharing_enabled":true,"_links":{"self":[{"href":"https:\/\/bdmiam.fr\/index.php\/wp-json\/wp\/v2\/pages\/4640","targetHints":{"allow":["GET"]}}],"collection":[{"href":"https:\/\/bdmiam.fr\/index.php\/wp-json\/wp\/v2\/pages"}],"about":[{"href":"https:\/\/bdmiam.fr\/index.php\/wp-json\/wp\/v2\/types\/page"}],"author":[{"embeddable":true,"href":"https:\/\/bdmiam.fr\/index.php\/wp-json\/wp\/v2\/users\/4"}],"replies":[{"embeddable":true,"href":"https:\/\/bdmiam.fr\/index.php\/wp-json\/wp\/v2\/comments?post=4640"}],"version-history":[{"count":0,"href":"https:\/\/bdmiam.fr\/index.php\/wp-json\/wp\/v2\/pages\/4640\/revisions"}],"up":[{"embeddable":true,"href":"https:\/\/bdmiam.fr\/index.php\/wp-json\/wp\/v2\/pages\/4494"}],"wp:featuredmedia":[{"embeddable":true,"href":"https:\/\/bdmiam.fr\/index.php\/wp-json\/wp\/v2\/media\/4633"}],"wp:attachment":[{"href":"https:\/\/bdmiam.fr\/index.php\/wp-json\/wp\/v2\/media?parent=4640"}],"curies":[{"name":"wp","href":"https:\/\/api.w.org\/{rel}","templated":true}]}}