{"id":4673,"date":"2018-05-21T20:30:06","date_gmt":"2018-05-21T19:30:06","guid":{"rendered":"http:\/\/bdmiam.fr\/?page_id=4673"},"modified":"2018-05-21T20:30:06","modified_gmt":"2018-05-21T19:30:06","slug":"julien-telo","status":"publish","type":"page","link":"https:\/\/bdmiam.fr\/index.php\/nos-artistes\/julien-telo\/","title":{"rendered":"Julien Telo"},"content":{"rendered":"<p style=\"text-align: center;\"><a href=\"https:\/\/i0.wp.com\/bdmiam.fr\/wp-content\/uploads\/2018\/05\/Photo_27882.jpg?ssl=1\"><img data-recalc-dims=\"1\" loading=\"lazy\" decoding=\"async\" src=\"https:\/\/i0.wp.com\/bdmiam.fr\/wp-content\/uploads\/2018\/05\/Photo_27882.jpg?resize=300%2C300&#038;ssl=1\" alt=\"\" class=\"alignnone size-medium wp-image-4678\" width=\"300\" height=\"300\" \/><\/a><\/p>\n<p style=\"text-align: center;\">N\u00e9 en 1987, <strong>Julien Telo<\/strong> se passionne tr\u00e8s t\u00f4t pour la bande dessin\u00e9e, l&rsquo;animation, et l&rsquo;illustration. Apr\u00e8s des \u00e9tudes de graphisme \u00e0 Blois et quelques publications, notamment avec le collectif \u00ab\u00a0Caf\u00e9 Sal\u00e9\u00a0\u00bb, il int\u00e8gre le studio Elyum en 2010.<\/p>\n<p style=\"text-align: center;\">En 2011, il r\u00e9alise son premier album chez Gl\u00e9nat, <em>Kinglsey<\/em>, avec au sc\u00e9nario Guillaume Dorison et Esteban Mathieu.<\/p>\n<p style=\"text-align: center;\">Depuis 2014, il travaille sur l&rsquo;adaptation en bande dessin\u00e9e du <a href=\"https:\/\/www.bedetheque.com\/serie-38239-BD-Elric-Blondel-Poli-Recht.html\"><em>Cycle d&rsquo;Elric<\/em><\/a>, une s\u00e9rie d&rsquo;heroic fantasy imagin\u00e9e et r\u00e9dig\u00e9e par <span class=\"st\">Michael Moorcock. <\/span><\/p>\n<p>&nbsp;<\/p>\n<p style=\"text-align: center;\"><a href=\"https:\/\/i0.wp.com\/bdmiam.fr\/wp-content\/uploads\/2018\/05\/Couv_222568.jpg?ssl=1\"><img data-recalc-dims=\"1\" loading=\"lazy\" decoding=\"async\" src=\"https:\/\/i0.wp.com\/bdmiam.fr\/wp-content\/uploads\/2018\/05\/Couv_222568.jpg?resize=229%2C300&#038;ssl=1\" alt=\"\" class=\"alignnone size-medium wp-image-4675\" width=\"229\" height=\"300\" \/>\u00a0<\/a> <a href=\"https:\/\/i0.wp.com\/bdmiam.fr\/wp-content\/uploads\/2018\/05\/Couv_309200.jpg?ssl=1\"><img data-recalc-dims=\"1\" loading=\"lazy\" decoding=\"async\" src=\"https:\/\/i0.wp.com\/bdmiam.fr\/wp-content\/uploads\/2018\/05\/Couv_309200.jpg?resize=252%2C336&#038;ssl=1\" alt=\"\" class=\"alignnone wp-image-4676\" width=\"252\" height=\"336\" \/><\/a><a href=\"https:\/\/i0.wp.com\/bdmiam.fr\/wp-content\/uploads\/2018\/05\/Couv_153541.jpg?ssl=1\">\u00a0 <img data-recalc-dims=\"1\" loading=\"lazy\" decoding=\"async\" src=\"https:\/\/i0.wp.com\/bdmiam.fr\/wp-content\/uploads\/2018\/05\/Couv_153541.jpg?resize=225%2C300&#038;ssl=1\" alt=\"\" class=\"alignnone size-medium wp-image-4674\" width=\"225\" height=\"300\" \/><\/a><\/p>\n<p>&nbsp;<\/p>\n<p style=\"text-align: center;\">Source : <a href=\"https:\/\/www.bedetheque.com\/auteur-27882-BD-Telo-Julien.html\" target=\"_blank\" rel=\"noopener\">Bedeth\u00e8que<\/a><\/p>\n","protected":false},"excerpt":{"rendered":"<p>N\u00e9 en 1987, Julien Telo se passionne tr\u00e8s t\u00f4t pour la bande dessin\u00e9e, l&rsquo;animation, et l&rsquo;illustration. Apr\u00e8s des \u00e9tudes de graphisme \u00e0 Blois et quelques publications, notamment avec le collectif \u00ab\u00a0Caf\u00e9 Sal\u00e9\u00a0\u00bb, il int\u00e8gre le studio Elyum en 2010. En 2011, il r\u00e9alise son premier album chez Gl\u00e9nat, Kinglsey, avec au sc\u00e9nario Guillaume Dorison et [&hellip;]<\/p>\n","protected":false},"author":7,"featured_media":4676,"parent":4494,"menu_order":0,"comment_status":"closed","ping_status":"closed","template":"","meta":{"footnotes":""},"class_list":["post-4673","page","type-page","status-publish","has-post-thumbnail","hentry"],"jetpack_sharing_enabled":true,"_links":{"self":[{"href":"https:\/\/bdmiam.fr\/index.php\/wp-json\/wp\/v2\/pages\/4673","targetHints":{"allow":["GET"]}}],"collection":[{"href":"https:\/\/bdmiam.fr\/index.php\/wp-json\/wp\/v2\/pages"}],"about":[{"href":"https:\/\/bdmiam.fr\/index.php\/wp-json\/wp\/v2\/types\/page"}],"author":[{"embeddable":true,"href":"https:\/\/bdmiam.fr\/index.php\/wp-json\/wp\/v2\/users\/7"}],"replies":[{"embeddable":true,"href":"https:\/\/bdmiam.fr\/index.php\/wp-json\/wp\/v2\/comments?post=4673"}],"version-history":[{"count":0,"href":"https:\/\/bdmiam.fr\/index.php\/wp-json\/wp\/v2\/pages\/4673\/revisions"}],"up":[{"embeddable":true,"href":"https:\/\/bdmiam.fr\/index.php\/wp-json\/wp\/v2\/pages\/4494"}],"wp:featuredmedia":[{"embeddable":true,"href":"https:\/\/bdmiam.fr\/index.php\/wp-json\/wp\/v2\/media\/4676"}],"wp:attachment":[{"href":"https:\/\/bdmiam.fr\/index.php\/wp-json\/wp\/v2\/media?parent=4673"}],"curies":[{"name":"wp","href":"https:\/\/api.w.org\/{rel}","templated":true}]}}