{"id":4701,"date":"2018-05-21T21:17:16","date_gmt":"2018-05-21T20:17:16","guid":{"rendered":"http:\/\/bdmiam.fr\/?page_id=4701"},"modified":"2025-06-19T22:17:26","modified_gmt":"2025-06-19T20:17:26","slug":"emmanuel-michalak","status":"publish","type":"page","link":"https:\/\/bdmiam.fr\/index.php\/festival-2023\/emmanuel-michalak\/","title":{"rendered":"Emmanuel Michalak"},"content":{"rendered":"<p style=\"text-align: center;\"><a href=\"https:\/\/i0.wp.com\/bdmiam.fr\/wp-content\/uploads\/2018\/05\/33100592_10208963226637268_4412576845027868672_n.jpg?ssl=1\"><img data-recalc-dims=\"1\" loading=\"lazy\" decoding=\"async\" src=\"https:\/\/i0.wp.com\/bdmiam.fr\/wp-content\/uploads\/2018\/05\/33100592_10208963226637268_4412576845027868672_n.jpg?resize=223%2C300&#038;ssl=1\" alt=\"\" class=\"alignnone size-medium wp-image-4736\" width=\"223\" height=\"300\" \/><\/a><\/p>\n<p>&#8211; 30 septembre 1968, naissance \u00e0 \u00c9pernay, en Champagne.<br \/>&#8211; 1978, classe de CM2, ma\u00eetresse en blouse bleue d\u00e9lav\u00e9, \u00c9pernay, ennui&#8230; d\u00e9cide de faire de la BD, son m\u00e9tier.<br \/>&#8211; Octobre 1988, entre aux Beaux Arts de Reims, pour apprendre les techniques de BD.<br \/>&#8211; Novembre 1988, d\u00e9couvre qu&rsquo;il s&rsquo;est tromp\u00e9 d&rsquo;\u00e9cole.<br \/>&#8211; 1990, d\u00e9sertion des cours d&rsquo;art conceptuel, pour suivre les enseignements en dessin du sculpteur Charles AUFFRET. D\u00e9couverte des grands ma\u00eetres, et de la Voie du dessin.<br \/>&#8211; 1991, vir\u00e9.<br \/>&#8211; 1993, d\u00e9buts des \u00e9tudes en autodidacte sur les techniques de la Bande Dessin\u00e9e.<br \/>&#8211; 1996 \u00e0 2001, illustrations pour diverses maisons d&rsquo;\u00e9ditions de jeux de r\u00f4le.<br \/>&#8211; 2001, d\u00e9but de sa collaboration avec les \u00e9ditions DELCOURT, sur les s\u00e9ries \u00ab\u00a0LES CERCLES D&rsquo;AKAMOTH\u00a0\u00bb au dessin, puis \u00ab\u00a0WATCH\u00a0\u00bb au storyboard. Apprentissage des techniques de narrations, de mise en sc\u00e8ne et de d\u00e9coupage aupr\u00e8s de David CHAUVEL.<br \/>&#8211; 2006, d\u00e9but de la collaboration avec HUB pour le storyboard de la s\u00e9rie \u00ab\u00a0OKKO\u00a0\u00bb.<br \/>&#8211; 2009, d\u00e9but de la r\u00e9alisation au dessin de la s\u00e9rie \u00ab\u00a0ASLAK\u00a0\u00bb.<br \/>Travaille actuellement sur le 6 \u00e8me et dernier tome d&rsquo;ASLAK, et sur le storyboard de la nouvelle s\u00e9rie de HUB.<\/p>\n<p style=\"text-align: center;\"><a href=\"https:\/\/i0.wp.com\/bdmiam.fr\/wp-content\/uploads\/2018\/05\/Couv_300605.jpg?ssl=1\"><img data-recalc-dims=\"1\" loading=\"lazy\" decoding=\"async\" src=\"https:\/\/i0.wp.com\/bdmiam.fr\/wp-content\/uploads\/2018\/05\/Couv_300605.jpg?resize=256%2C356&#038;ssl=1\" alt=\"\" class=\"alignnone wp-image-4703\" width=\"256\" height=\"356\" \/><\/a>\u00a0 <a href=\"https:\/\/i0.wp.com\/bdmiam.fr\/wp-content\/uploads\/2023\/05\/Couv_456219-1-1.jpg?ssl=1\"><img data-recalc-dims=\"1\" loading=\"lazy\" decoding=\"async\" src=\"https:\/\/i0.wp.com\/bdmiam.fr\/wp-content\/uploads\/2023\/05\/Couv_456219-1.jpg?resize=270%2C355&#038;ssl=1\" alt=\"\" class=\"alignnone wp-image-5926 \" width=\"270\" height=\"355\" srcset=\"https:\/\/i0.wp.com\/bdmiam.fr\/wp-content\/uploads\/2023\/05\/Couv_456219-1.jpg?resize=228%2C300&amp;ssl=1 228w, https:\/\/i0.wp.com\/bdmiam.fr\/wp-content\/uploads\/2023\/05\/Couv_456219-1.jpg?w=400&amp;ssl=1 400w\" sizes=\"auto, (max-width: 270px) 100vw, 270px\" \/><\/a><\/p>\n<p style=\"text-align: center;\"><\/p>\n\n\n<p style=\"text-align:center\">\nSource : <a href=\"https:\/\/www.bedetheque.com\/auteur-6708-BD-Michalak-Emmanuel.html\" target=\"_blank\" rel=\"noreferrer noopener\">Bedetheque<\/a><\/p>\n","protected":false},"excerpt":{"rendered":"<p>&#8211; 30 septembre 1968, naissance \u00e0 \u00c9pernay, en Champagne.&#8211; 1978, classe de CM2, ma\u00eetresse en blouse bleue d\u00e9lav\u00e9, \u00c9pernay, ennui&#8230; d\u00e9cide de faire de la BD, son m\u00e9tier.&#8211; Octobre 1988, entre aux Beaux Arts de Reims, pour apprendre les techniques de BD.&#8211; Novembre 1988, d\u00e9couvre qu&rsquo;il s&rsquo;est tromp\u00e9 d&rsquo;\u00e9cole.&#8211; 1990, d\u00e9sertion des cours d&rsquo;art conceptuel, [&hellip;]<\/p>\n","protected":false},"author":7,"featured_media":4708,"parent":4479,"menu_order":0,"comment_status":"closed","ping_status":"closed","template":"page-with-sidebar","meta":{"footnotes":""},"class_list":["post-4701","page","type-page","status-publish","has-post-thumbnail","hentry"],"jetpack_sharing_enabled":true,"_links":{"self":[{"href":"https:\/\/bdmiam.fr\/index.php\/wp-json\/wp\/v2\/pages\/4701","targetHints":{"allow":["GET"]}}],"collection":[{"href":"https:\/\/bdmiam.fr\/index.php\/wp-json\/wp\/v2\/pages"}],"about":[{"href":"https:\/\/bdmiam.fr\/index.php\/wp-json\/wp\/v2\/types\/page"}],"author":[{"embeddable":true,"href":"https:\/\/bdmiam.fr\/index.php\/wp-json\/wp\/v2\/users\/7"}],"replies":[{"embeddable":true,"href":"https:\/\/bdmiam.fr\/index.php\/wp-json\/wp\/v2\/comments?post=4701"}],"version-history":[{"count":1,"href":"https:\/\/bdmiam.fr\/index.php\/wp-json\/wp\/v2\/pages\/4701\/revisions"}],"predecessor-version":[{"id":7352,"href":"https:\/\/bdmiam.fr\/index.php\/wp-json\/wp\/v2\/pages\/4701\/revisions\/7352"}],"up":[{"embeddable":true,"href":"https:\/\/bdmiam.fr\/index.php\/wp-json\/wp\/v2\/pages\/4479"}],"wp:featuredmedia":[{"embeddable":true,"href":"https:\/\/bdmiam.fr\/index.php\/wp-json\/wp\/v2\/media\/4708"}],"wp:attachment":[{"href":"https:\/\/bdmiam.fr\/index.php\/wp-json\/wp\/v2\/media?parent=4701"}],"curies":[{"name":"wp","href":"https:\/\/api.w.org\/{rel}","templated":true}]}}