{"id":5088,"date":"2019-05-05T10:43:33","date_gmt":"2019-05-05T09:43:33","guid":{"rendered":"http:\/\/bdmiam.fr\/?page_id=5088"},"modified":"2019-05-05T10:43:33","modified_gmt":"2019-05-05T09:43:33","slug":"vincent","status":"publish","type":"page","link":"https:\/\/bdmiam.fr\/index.php\/nos-artistes\/vincent\/","title":{"rendered":"Vincent"},"content":{"rendered":"\n<div class=\"wp-block-image\"><figure class=\"aligncenter is-resized\"><img data-recalc-dims=\"1\" loading=\"lazy\" decoding=\"async\" src=\"https:\/\/i0.wp.com\/bdmiam.fr\/wp-content\/uploads\/2019\/05\/Vincent.jpg?resize=252%2C252&#038;ssl=1\" alt=\"\" class=\"wp-image-5089\" width=\"252\" height=\"252\"\/><\/figure><\/div>\n\n\n\n<p style=\"text-align:center\">Aujourd&rsquo;hui Lyonnais,&nbsp;<strong>Vincent&nbsp;<\/strong>est n\u00e9 \u00e0 Aurillac dans le Cantal  en 1974. Apr\u00e8s des \u00e9tudes de dessin et une sp\u00e9cialisation en  r\u00e9alisation 3D, il fait ses d\u00e9buts dans l&rsquo;univers des jeux vid\u00e9o,  collabore sur les habillages 3D de la chaine Fox Kids, puis sur  l&rsquo;adaptation de diff\u00e9rents jeux vid\u00e9o 3D autour de l&rsquo;univers de Winnie  l&rsquo;Ourson pour Disney. Tent\u00e9 depuis toujours par la bande dessin\u00e9e et  passionn\u00e9 d&rsquo;aviation la revue <em><strong>Aviasport<\/strong><\/em> va lui permettre de faire ses armes tout en mettant au point sa premi\u00e8re s\u00e9rie effectu\u00e9e en solo.<\/p>\n\n\n\n<p style=\"text-align:center\"> En 2005 il propose&nbsp;<em><strong>Albatros<\/strong>&nbsp;<\/em>aux  \u00e9ditions Gl\u00e9nat, s\u00e9rie dont le  premier album est publi\u00e9 l&rsquo;ann\u00e9e suivante. Suivant le gr\u00e9 de ses envies, apr\u00e8s cette premi\u00e8re il r\u00e9alise le dessin du diptyque <em><strong>L&rsquo;Ecole Capucine<\/strong><\/em>, sur un sc\u00e9nario du raconteur d&rsquo;histoires <strong>Djian<\/strong>. En 2011, il commence le dessin de la s\u00e9rie <em><strong>Chim\u00e8re(s) 1887<\/strong><\/em><strong> <\/strong>accompagn\u00e9 <strong>d&rsquo;Arleston<\/strong> et <strong>Melan\u00ffn <\/strong>au sc\u00e9nario. <\/p>\n\n\n\n<p style=\"text-align:center\">En 2019 sort le premier tome de la s\u00e9rie <strong>Liberty Bessie<\/strong>, en collaboration avec <strong>Jean-Blaise Djian<\/strong> et <strong>Pierre-Roland Saint-Dizier<\/strong><\/p>\n\n\n\n<p style=\"text-align:center\">Pour suivre le travail de Vincent sur son blog :   <a rel=\"noreferrer noopener\" aria-label=\"vincent-bd.com (s\u2019ouvre dans un nouvel onglet)\" href=\"http:\/\/vincent-bd.com\/spip\/spip.php\" target=\"_blank\">vincent-bd.com<\/a> <\/p>\n\n\n\n<div class=\"wp-block-image\"><figure class=\"aligncenter is-resized\"><img data-recalc-dims=\"1\" loading=\"lazy\" decoding=\"async\" src=\"https:\/\/i0.wp.com\/bdmiam.fr\/wp-content\/uploads\/2019\/05\/Couv_363838.jpg?resize=336%2C445&#038;ssl=1\" alt=\"\" class=\"wp-image-5090\" width=\"336\" height=\"445\"\/><\/figure><\/div>\n\n\n\n<p style=\"text-align:center\">Source : <a rel=\"noreferrer noopener\" aria-label=\"Gl\u00e9nat (s\u2019ouvre dans un nouvel onglet)\" href=\"https:\/\/www.glenat.com\/auteurs\/vincent\" target=\"_blank\">Gl\u00e9nat<\/a><\/p>\n\n\n\n<p><br><br><strong>Infos festival 2019 :<\/strong><br>Vincent d\u00e9dicacera <strong>uniquement sa nouvelle s\u00e9rie <\/strong><em><strong>Liberty Bessie<\/strong><\/em>. <br>Les albums devront \u00eatre <strong>achet\u00e9s sur place, \u00e0 la librairie du festival<\/strong>.<br><\/p>\n","protected":false},"excerpt":{"rendered":"<p>Aujourd&rsquo;hui Lyonnais,&nbsp;Vincent&nbsp;est n\u00e9 \u00e0 Aurillac dans le Cantal en 1974. Apr\u00e8s des \u00e9tudes de dessin et une sp\u00e9cialisation en r\u00e9alisation 3D, il fait ses d\u00e9buts dans l&rsquo;univers des jeux vid\u00e9o, collabore sur les habillages 3D de la chaine Fox Kids, puis sur l&rsquo;adaptation de diff\u00e9rents jeux vid\u00e9o 3D autour de l&rsquo;univers de Winnie l&rsquo;Ourson pour [&hellip;]<\/p>\n","protected":false},"author":7,"featured_media":5090,"parent":4494,"menu_order":0,"comment_status":"closed","ping_status":"closed","template":"","meta":{"footnotes":""},"class_list":["post-5088","page","type-page","status-publish","has-post-thumbnail","hentry"],"jetpack_sharing_enabled":true,"_links":{"self":[{"href":"https:\/\/bdmiam.fr\/index.php\/wp-json\/wp\/v2\/pages\/5088","targetHints":{"allow":["GET"]}}],"collection":[{"href":"https:\/\/bdmiam.fr\/index.php\/wp-json\/wp\/v2\/pages"}],"about":[{"href":"https:\/\/bdmiam.fr\/index.php\/wp-json\/wp\/v2\/types\/page"}],"author":[{"embeddable":true,"href":"https:\/\/bdmiam.fr\/index.php\/wp-json\/wp\/v2\/users\/7"}],"replies":[{"embeddable":true,"href":"https:\/\/bdmiam.fr\/index.php\/wp-json\/wp\/v2\/comments?post=5088"}],"version-history":[{"count":0,"href":"https:\/\/bdmiam.fr\/index.php\/wp-json\/wp\/v2\/pages\/5088\/revisions"}],"up":[{"embeddable":true,"href":"https:\/\/bdmiam.fr\/index.php\/wp-json\/wp\/v2\/pages\/4494"}],"wp:featuredmedia":[{"embeddable":true,"href":"https:\/\/bdmiam.fr\/index.php\/wp-json\/wp\/v2\/media\/5090"}],"wp:attachment":[{"href":"https:\/\/bdmiam.fr\/index.php\/wp-json\/wp\/v2\/media?parent=5088"}],"curies":[{"name":"wp","href":"https:\/\/api.w.org\/{rel}","templated":true}]}}