{"id":5548,"date":"2022-06-07T21:24:07","date_gmt":"2022-06-07T20:24:07","guid":{"rendered":"http:\/\/bdmiam.fr\/?page_id=5548"},"modified":"2022-06-07T21:24:07","modified_gmt":"2022-06-07T20:24:07","slug":"mobidic","status":"publish","type":"page","link":"https:\/\/bdmiam.fr\/index.php\/nos-artistes\/mobidic\/","title":{"rendered":"Mobidic"},"content":{"rendered":"\n<div class=\"wp-block-image\"><figure class=\"aligncenter is-resized\"><img data-recalc-dims=\"1\" loading=\"lazy\" decoding=\"async\" src=\"https:\/\/i0.wp.com\/bdmiam.fr\/wp-content\/uploads\/2022\/06\/Photo_39972.jpg?resize=284%2C285&#038;ssl=1\" alt=\"\" class=\"wp-image-5549\" width=\"284\" height=\"285\"\/><\/figure><\/div>\n\n\n\n<p style=\"text-align:center\"><strong>Mobidic<\/strong> na\u00eet en France et y grandit jusqu&rsquo;\u00e0 sa majorit\u00e9. Passionn\u00e9e de dessin anim\u00e9, elle part en Belgique pour y \u00e9tudier le  cin\u00e9ma d&rsquo;animation, avant d&rsquo;avoir un coup de foudre pour la bande dessin\u00e9e et de recommencer des \u00e9tudes. Son dipl\u00f4me en poche, elle \u00e9crit,  dessine et colorise son premier album \u201c<em>Roi Ours<\/em>\u201c qui sort en 2015, puis <em>\u201cLe Culte de Mars<\/em>\u201d en 2020 (\u00e9ditions Delcourt). Elle participe \u00e9galement au collectif <em>\u00ab\u00a0Des Histoires courtes du Marsupilami par&#8230;\u00a0\u00bb<\/em>  avec Joris Chamblain au sc\u00e9nario (\u00e9ditions Dupuis). Son travail reste  tr\u00e8s influenc\u00e9 par son premier amour, le cin\u00e9ma d&rsquo;animation.<\/p>\n\n\n\n<ul class=\"wp-block-gallery columns-2 is-cropped wp-block-gallery-1 is-layout-flex wp-block-gallery-is-layout-flex\"><li class=\"blocks-gallery-item\"><figure><img data-recalc-dims=\"1\" height=\"1024\" width=\"774\" decoding=\"async\" src=\"https:\/\/i0.wp.com\/bdmiam.fr\/wp-content\/uploads\/2022\/06\/Couv_395969-1.jpg?resize=774%2C1024&#038;ssl=1\" alt=\"\" data-id=\"5552\" data-link=\"https:\/\/bdmiam.fr\/?attachment_id=5552\" class=\"wp-image-5552\"\/><\/figure><\/li><li class=\"blocks-gallery-item\"><figure><img data-recalc-dims=\"1\" height=\"1024\" width=\"754\" decoding=\"async\" src=\"https:\/\/i0.wp.com\/bdmiam.fr\/wp-content\/uploads\/2022\/06\/Couv_447967-1.jpg?resize=754%2C1024&#038;ssl=1\" alt=\"\" data-id=\"5553\" data-link=\"https:\/\/bdmiam.fr\/?attachment_id=5553\" class=\"wp-image-5553\"\/><\/figure><\/li><\/ul>\n\n\n\n<p style=\"text-align:center\">Source : <a rel=\"noreferrer noopener\" aria-label=\"Gl\u00e9nat (s\u2019ouvre dans un nouvel onglet)\" href=\"https:\/\/www.glenat.com\/auteurs\/mobidic\" target=\"_blank\">Gl\u00e9nat<\/a>.<\/p>\n\n\n\n<p><\/p>\n\n\n\n<p><strong>Info festival 2022 :<\/strong><br>Mobidic <strong>d\u00e9dicacera uniquement <em>Les G\u00e9ants<\/em> tome 5 <\/strong>et <strong>Le culte de Mars<\/strong>. Les albums <strong>devront \u00eatre achet\u00e9s sur place, \u00e0 la librairie du festival<\/strong>.<br><\/p>\n","protected":false},"excerpt":{"rendered":"<p>Mobidic na\u00eet en France et y grandit jusqu&rsquo;\u00e0 sa majorit\u00e9. Passionn\u00e9e de dessin anim\u00e9, elle part en Belgique pour y \u00e9tudier le cin\u00e9ma d&rsquo;animation, avant d&rsquo;avoir un coup de foudre pour la bande dessin\u00e9e et de recommencer des \u00e9tudes. Son dipl\u00f4me en poche, elle \u00e9crit, dessine et colorise son premier album \u201cRoi Ours\u201c qui sort [&hellip;]<\/p>\n","protected":false},"author":7,"featured_media":0,"parent":4494,"menu_order":0,"comment_status":"closed","ping_status":"closed","template":"","meta":{"footnotes":""},"class_list":["post-5548","page","type-page","status-publish","hentry"],"jetpack_sharing_enabled":true,"_links":{"self":[{"href":"https:\/\/bdmiam.fr\/index.php\/wp-json\/wp\/v2\/pages\/5548","targetHints":{"allow":["GET"]}}],"collection":[{"href":"https:\/\/bdmiam.fr\/index.php\/wp-json\/wp\/v2\/pages"}],"about":[{"href":"https:\/\/bdmiam.fr\/index.php\/wp-json\/wp\/v2\/types\/page"}],"author":[{"embeddable":true,"href":"https:\/\/bdmiam.fr\/index.php\/wp-json\/wp\/v2\/users\/7"}],"replies":[{"embeddable":true,"href":"https:\/\/bdmiam.fr\/index.php\/wp-json\/wp\/v2\/comments?post=5548"}],"version-history":[{"count":0,"href":"https:\/\/bdmiam.fr\/index.php\/wp-json\/wp\/v2\/pages\/5548\/revisions"}],"up":[{"embeddable":true,"href":"https:\/\/bdmiam.fr\/index.php\/wp-json\/wp\/v2\/pages\/4494"}],"wp:attachment":[{"href":"https:\/\/bdmiam.fr\/index.php\/wp-json\/wp\/v2\/media?parent=5548"}],"curies":[{"name":"wp","href":"https:\/\/api.w.org\/{rel}","templated":true}]}}