{"id":5950,"date":"2023-05-08T12:57:34","date_gmt":"2023-05-08T11:57:34","guid":{"rendered":"http:\/\/bdmiam.fr\/?page_id=5950"},"modified":"2023-11-12T22:07:48","modified_gmt":"2023-11-12T21:07:48","slug":"anne-montel","status":"publish","type":"page","link":"https:\/\/bdmiam.fr\/index.php\/festival-2023\/anne-montel\/","title":{"rendered":"Anne Montel"},"content":{"rendered":"\n<figure class=\"wp-block-image aligncenter size-full is-resized\"><img data-recalc-dims=\"1\" loading=\"lazy\" decoding=\"async\" width=\"380\" height=\"570\" src=\"https:\/\/i0.wp.com\/bdmiam.fr\/wp-content\/uploads\/2023\/11\/Photo_26197.jpg?resize=380%2C570&#038;ssl=1\" alt=\"\" class=\"wp-image-6225\" style=\"width:233px;height:350px\" srcset=\"https:\/\/i0.wp.com\/bdmiam.fr\/wp-content\/uploads\/2023\/11\/Photo_26197.jpg?w=380&amp;ssl=1 380w, https:\/\/i0.wp.com\/bdmiam.fr\/wp-content\/uploads\/2023\/11\/Photo_26197.jpg?resize=200%2C300&amp;ssl=1 200w\" sizes=\"auto, (max-width: 380px) 100vw, 380px\" \/><\/figure>\n\n\n\n<p> Le 28 novembre 1959 : le premier Synchrotron \u00e0 protons du CERN est mis en service. Avec ses 200m de diam\u00e8tre, son objectif est d\u2019\u00e9tudier les plus petites particules de la mati\u00e8re en les projetant les unes sur les autres\u2026 29 ans jour pour jour plus tard, Anne Montel montre le bout de son propre diam\u00e8tre plein de rousseur, \u00e0 Nantes. Suivant la voie de son glorieux a\u00een\u00e9, elle d\u00e9cide d\u00e8s son plus jeune \u00e2ge de m\u00e9langer toutes sortes de particules color\u00e9es sur une feuille blanche. Le r\u00e9sultat s\u2019av\u00e8re concluant puisqu\u2019apr\u00e8s son Bac Arts appliqu\u00e9s, elle obtient un BTS communication visuelle \u00e0 l\u2019ESAA Duperr\u00e9 et suit en 2008\/2009 une FCIL illustration au lyc\u00e9e Corvisart de Paris. Partag\u00e9e entre sa passion pour le graphisme et celle du dessin, elle remporte le deuxi\u00e8me prix du concours de bande-dessin\u00e9e \u00ab\u00a0Jeunes talents\u00a0\u00bb d\u2019Angoul\u00eame puis celui de \u00ab\u00a0Dessinateurs de demain\u00a0\u00bb du Festival BD-Fil de Lausanne. Anne gagne d\u00e8s lors sa vie en tant que graphiste, illustratrice de livres pour enfants ou livres de cuisine et dessinatrice de bande dessin\u00e9e. Elle sort son premier ouvrage en septembre 2011 avec la BD \u00ab\u00a0Sh\u00e4 &amp; Salom\u00e9 : Jours de pluie\u00a0\u00bb (sc\u00e9nario : Lo\u00efc Cl\u00e9ment) qui met en sc\u00e8ne deux personnages pr\u00e9sents depuis bien longtemps dans les carnets d\u2019Anne : un couple constitu\u00e9 d\u2019une jeune fille et un chat. En avril 2012 para\u00eet son premier album jeunesse, Le Crafougna (texte : St\u00e9phane Servant) aux \u00e9ditions Didier Jeunesse. Et en septembre 2012, sa premi\u00e8re participation \u00e0 un livre de cuisine collectif, Ma Cuisine illustr\u00e9e, aux \u00e9ditions CFSL Ink, une envie qui la d\u00e9mangeait depuis longtemps enfin assouvie ! Anne alterne donc les projets \u00e9ditoriaux les plus divers avec diff\u00e9rentes autres cr\u00e9ations. Certaines sont des commandes \u00e9manant de milieux professionnels plut\u00f4t \u00e9loign\u00e9s de celui de l\u2019\u00e9dition&#8230; D\u2019autres r\u00e9pondent \u00e0 un besoin artistique d\u2019exploration de nouvelles voies d\u2019expression, telles les broches \u00e0 t\u00eate d\u2019animaux ou autres petites bestioles en laine card\u00e9e qui sont ensuite vendues dans une boutique d\u00e9di\u00e9e. Anne travaille \u00e9galement de fa\u00e7on r\u00e9guli\u00e8re pour la presse jeunesse. Elle appr\u00e9cie particuli\u00e8rement de travailler \u00e0 tour de r\u00f4le sur tous ces diff\u00e9rents supports car cela permet sans cesse de se renouveler. Elle travaille principalement \u00e0 la plume ou au stylo fin, ainsi qu\u2019\u00e0 l\u2019aquarelle, sa technique favorite sur des dessins qui sont le plus souvent \u00e0 des \u00e9chelles extr\u00eamement r\u00e9duites. Anne aime les chats, les renards, Winsor McKay, les cookies, Hayao Miyazaki, la danse du dragon et les makis \u00e0 la tempura de crevette. Elle cultive aussi un go\u00fbt certain pour le th\u00e9, sujet que l\u2019on s\u2019amusera de retrouver au fil de ses images\u2026 <\/p>\n\n\n\n<figure class=\"wp-block-image aligncenter size-full is-resized\"><img data-recalc-dims=\"1\" loading=\"lazy\" decoding=\"async\" width=\"384\" height=\"496\" src=\"https:\/\/i0.wp.com\/bdmiam.fr\/wp-content\/uploads\/2023\/11\/Couv_462501.jpg?resize=384%2C496&#038;ssl=1\" alt=\"\" class=\"wp-image-6224\" style=\"width:298px;height:385px\" srcset=\"https:\/\/i0.wp.com\/bdmiam.fr\/wp-content\/uploads\/2023\/11\/Couv_462501.jpg?w=384&amp;ssl=1 384w, https:\/\/i0.wp.com\/bdmiam.fr\/wp-content\/uploads\/2023\/11\/Couv_462501.jpg?resize=232%2C300&amp;ssl=1 232w\" sizes=\"auto, (max-width: 384px) 100vw, 384px\" \/><\/figure>\n\n\n\n<p class=\"has-text-align-center\">Source : <a href=\"https:\/\/www.bedetheque.com\/auteur-26197-BD-Montel-Anne.html\" target=\"_blank\" rel=\"noreferrer noopener\" aria-label=\" (s\u2019ouvre dans un nouvel onglet)\">bedetheque.com<\/a><\/p>\n","protected":false},"excerpt":{"rendered":"<p>Le 28 novembre 1959 : le premier Synchrotron \u00e0 protons du CERN est mis en service. Avec ses 200m de diam\u00e8tre, son objectif est d\u2019\u00e9tudier les plus petites particules de la mati\u00e8re en les projetant les unes sur les autres\u2026 29 ans jour pour jour plus tard, Anne Montel montre le bout de son propre [&hellip;]<\/p>\n","protected":false},"author":8,"featured_media":5954,"parent":4479,"menu_order":0,"comment_status":"closed","ping_status":"closed","template":"","meta":{"footnotes":""},"class_list":["post-5950","page","type-page","status-publish","has-post-thumbnail","hentry"],"jetpack_sharing_enabled":true,"_links":{"self":[{"href":"https:\/\/bdmiam.fr\/index.php\/wp-json\/wp\/v2\/pages\/5950","targetHints":{"allow":["GET"]}}],"collection":[{"href":"https:\/\/bdmiam.fr\/index.php\/wp-json\/wp\/v2\/pages"}],"about":[{"href":"https:\/\/bdmiam.fr\/index.php\/wp-json\/wp\/v2\/types\/page"}],"author":[{"embeddable":true,"href":"https:\/\/bdmiam.fr\/index.php\/wp-json\/wp\/v2\/users\/8"}],"replies":[{"embeddable":true,"href":"https:\/\/bdmiam.fr\/index.php\/wp-json\/wp\/v2\/comments?post=5950"}],"version-history":[{"count":1,"href":"https:\/\/bdmiam.fr\/index.php\/wp-json\/wp\/v2\/pages\/5950\/revisions"}],"predecessor-version":[{"id":6378,"href":"https:\/\/bdmiam.fr\/index.php\/wp-json\/wp\/v2\/pages\/5950\/revisions\/6378"}],"up":[{"embeddable":true,"href":"https:\/\/bdmiam.fr\/index.php\/wp-json\/wp\/v2\/pages\/4479"}],"wp:featuredmedia":[{"embeddable":true,"href":"https:\/\/bdmiam.fr\/index.php\/wp-json\/wp\/v2\/media\/5954"}],"wp:attachment":[{"href":"https:\/\/bdmiam.fr\/index.php\/wp-json\/wp\/v2\/media?parent=5950"}],"curies":[{"name":"wp","href":"https:\/\/api.w.org\/{rel}","templated":true}]}}