{"id":5958,"date":"2023-05-08T13:06:19","date_gmt":"2023-05-08T12:06:19","guid":{"rendered":"http:\/\/bdmiam.fr\/?page_id=5958"},"modified":"2025-04-27T22:39:58","modified_gmt":"2025-04-27T20:39:58","slug":"joel-alessandra","status":"publish","type":"page","link":"https:\/\/bdmiam.fr\/index.php\/festival-2025-10eme-edition\/joel-alessandra\/","title":{"rendered":"Jo\u00ebl Alessandra"},"content":{"rendered":"\n<figure class=\"wp-block-image aligncenter is-resized\"><img data-recalc-dims=\"1\" loading=\"lazy\" decoding=\"async\" width=\"411\" height=\"412\" src=\"https:\/\/i0.wp.com\/bdmiam.fr\/wp-content\/uploads\/2023\/05\/Photo_12776-1.jpg?resize=411%2C412&#038;ssl=1\" alt=\"\" class=\"wp-image-5959\" srcset=\"https:\/\/i0.wp.com\/bdmiam.fr\/wp-content\/uploads\/2023\/05\/Photo_12776-1.jpg?w=411&amp;ssl=1 411w, https:\/\/i0.wp.com\/bdmiam.fr\/wp-content\/uploads\/2023\/05\/Photo_12776-1.jpg?resize=300%2C300&amp;ssl=1 300w, https:\/\/i0.wp.com\/bdmiam.fr\/wp-content\/uploads\/2023\/05\/Photo_12776-1.jpg?resize=150%2C150&amp;ssl=1 150w\" sizes=\"auto, (max-width: 411px) 100vw, 411px\" \/><\/figure>\n\n\n\n<p class=\"has-text-align-center\"><strong>Jo\u00ebl Alessandra<\/strong> est n\u00e9 \u00e0 <strong>Marseille en 1967.<\/strong> Il est dipl\u00f4m\u00e9 de l\u2019\u00e9cole Boulle en architecture d\u2019int\u00e9rieur. <\/p>\n\n\n\n<p class=\"has-text-align-center\">C\u2019est en Italie qu\u2019il publie ses premi\u00e8res histoires, dans la c\u00e9l\u00e8bre revue <strong>Il Grifo<\/strong>. Grand voyageur, il a notamment publi\u00e9 <strong>Fikrie<\/strong> \u00e0 La Bo\u00eete \u00e0 Bulles, directement inspir\u00e9 de son exp\u00e9rience de Directeur artistique \u00e0 Djibouti de 1989 \u00e0 1991, Dikhil, puis <strong>Fiert\u00e9 de Fer<\/strong>, album de voyage sur le train Djibouto-\u00c9thiopien. <\/p>\n\n\n\n<p class=\"has-text-align-center\">Aujourd\u2019hui install\u00e9 \u00e0 <strong>St Quentin dans le Gard<\/strong>, il a publi\u00e9 <strong>Bad Atmosph\u00e8re<\/strong>, toujours aux \u00e9ditions Paquet, et <strong>Instinct Sauvage<\/strong> sous le label Kstr de Casterman.<\/p>\n\n\n\n<p class=\"has-text-align-center\">Son dernier carnet de voyage Retour du Tchad (BAB), le porte sur les traces d\u2019<strong>Andr\u00e9 Gide<\/strong> aux confins des fleuves Chari et Logone. <\/p>\n\n\n\n<p class=\"has-text-align-center\">Il r\u00e9alise chez Casterman une adaptation en 3 tomes du roman d\u2019Amin Maalouf, <strong>Le P\u00e9riple de Baldassare<\/strong>, qui nous emm\u00e8ne cette fois dans des territoires du Moyent-Orient. <\/p>\n\n\n\n<p class=\"has-text-align-center\">Jo\u00ebl Alessandra se rend r\u00e9guli\u00e8rement \u00e0 l\u2019\u00e9tranger et plus particuli\u00e8rement en Afrique pour des interventions en <strong>Centres Culturels et Alliances Fran\u00e7aises<\/strong>. <\/p>\n\n\n\n<p class=\"has-text-align-center\">Il collabore \u00e9galement \u00e0 de nombreux albums collectifs chez <strong>Petit \u00e0 Petit<\/strong>, fait de l\u2019illustration pour la publicit\u00e9 et la communication et travaille sur de nombreux web-documentaires alliant BD et reportage <\/p>\n\n\n\n<p class=\"has-text-align-center\"><strong><strong>Achat sur place obligatoire<\/strong><\/strong><\/p>\n\n\n\n<figure data-wp-context=\"{&quot;imageId&quot;:&quot;69e730a0e02e9&quot;}\" data-wp-interactive=\"core\/image\" data-wp-key=\"69e730a0e02e9\" class=\"wp-block-image aligncenter size-large is-resized wp-lightbox-container\"><img data-recalc-dims=\"1\" loading=\"lazy\" decoding=\"async\" width=\"757\" height=\"1024\" data-wp-class--hide=\"state.isContentHidden\" data-wp-class--show=\"state.isContentVisible\" data-wp-init=\"callbacks.setButtonStyles\" data-wp-on--click=\"actions.showLightbox\" data-wp-on--load=\"callbacks.setButtonStyles\" data-wp-on-window--resize=\"callbacks.setButtonStyles\" src=\"https:\/\/i0.wp.com\/bdmiam.fr\/wp-content\/uploads\/2025\/04\/Couv_519708.jpg?resize=757%2C1024&#038;ssl=1\" alt=\"\" class=\"wp-image-7206\" srcset=\"https:\/\/i0.wp.com\/bdmiam.fr\/wp-content\/uploads\/2025\/04\/Couv_519708.jpg?resize=757%2C1024&amp;ssl=1 757w, https:\/\/i0.wp.com\/bdmiam.fr\/wp-content\/uploads\/2025\/04\/Couv_519708.jpg?resize=222%2C300&amp;ssl=1 222w, https:\/\/i0.wp.com\/bdmiam.fr\/wp-content\/uploads\/2025\/04\/Couv_519708.jpg?resize=768%2C1039&amp;ssl=1 768w, https:\/\/i0.wp.com\/bdmiam.fr\/wp-content\/uploads\/2025\/04\/Couv_519708.jpg?w=850&amp;ssl=1 850w\" sizes=\"auto, (max-width: 757px) 100vw, 757px\" \/><button\n\t\t\tclass=\"lightbox-trigger\"\n\t\t\ttype=\"button\"\n\t\t\taria-haspopup=\"dialog\"\n\t\t\taria-label=\"Agrandir\"\n\t\t\tdata-wp-init=\"callbacks.initTriggerButton\"\n\t\t\tdata-wp-on--click=\"actions.showLightbox\"\n\t\t\tdata-wp-style--right=\"state.imageButtonRight\"\n\t\t\tdata-wp-style--top=\"state.imageButtonTop\"\n\t\t>\n\t\t\t<svg xmlns=\"http:\/\/www.w3.org\/2000\/svg\" width=\"12\" height=\"12\" fill=\"none\" viewBox=\"0 0 12 12\">\n\t\t\t\t<path fill=\"#fff\" d=\"M2 0a2 2 0 0 0-2 2v2h1.5V2a.5.5 0 0 1 .5-.5h2V0H2Zm2 10.5H2a.5.5 0 0 1-.5-.5V8H0v2a2 2 0 0 0 2 2h2v-1.5ZM8 12v-1.5h2a.5.5 0 0 0 .5-.5V8H12v2a2 2 0 0 1-2 2H8Zm2-12a2 2 0 0 1 2 2v2h-1.5V2a.5.5 0 0 0-.5-.5H8V0h2Z\" \/>\n\t\t\t<\/svg>\n\t\t<\/button><\/figure>\n\n\n\n<p class=\"has-text-align-center\">Source : <a href=\"https:\/\/www.bedetheque.com\/auteur-12776-BD-Alessandra-Joel.html\" target=\"_blank\" rel=\"noreferrer noopener\" aria-label=\" (s\u2019ouvre dans un nouvel onglet)\">bedetheque.com<\/a><\/p>\n","protected":false},"excerpt":{"rendered":"<p>Jo\u00ebl Alessandra est n\u00e9 \u00e0 Marseille en 1967. Il est dipl\u00f4m\u00e9 de l\u2019\u00e9cole Boulle en architecture d\u2019int\u00e9rieur. C\u2019est en Italie qu\u2019il publie ses premi\u00e8res histoires, dans la c\u00e9l\u00e8bre revue Il Grifo. Grand voyageur, il a notamment publi\u00e9 Fikrie \u00e0 La Bo\u00eete \u00e0 Bulles, directement inspir\u00e9 de son exp\u00e9rience de Directeur artistique \u00e0 Djibouti de 1989 [&hellip;]<\/p>\n","protected":false},"author":8,"featured_media":7207,"parent":7007,"menu_order":0,"comment_status":"closed","ping_status":"closed","template":"page-with-sidebar","meta":{"footnotes":""},"class_list":["post-5958","page","type-page","status-publish","has-post-thumbnail","hentry"],"jetpack_sharing_enabled":true,"_links":{"self":[{"href":"https:\/\/bdmiam.fr\/index.php\/wp-json\/wp\/v2\/pages\/5958","targetHints":{"allow":["GET"]}}],"collection":[{"href":"https:\/\/bdmiam.fr\/index.php\/wp-json\/wp\/v2\/pages"}],"about":[{"href":"https:\/\/bdmiam.fr\/index.php\/wp-json\/wp\/v2\/types\/page"}],"author":[{"embeddable":true,"href":"https:\/\/bdmiam.fr\/index.php\/wp-json\/wp\/v2\/users\/8"}],"replies":[{"embeddable":true,"href":"https:\/\/bdmiam.fr\/index.php\/wp-json\/wp\/v2\/comments?post=5958"}],"version-history":[{"count":3,"href":"https:\/\/bdmiam.fr\/index.php\/wp-json\/wp\/v2\/pages\/5958\/revisions"}],"predecessor-version":[{"id":7210,"href":"https:\/\/bdmiam.fr\/index.php\/wp-json\/wp\/v2\/pages\/5958\/revisions\/7210"}],"up":[{"embeddable":true,"href":"https:\/\/bdmiam.fr\/index.php\/wp-json\/wp\/v2\/pages\/7007"}],"wp:featuredmedia":[{"embeddable":true,"href":"https:\/\/bdmiam.fr\/index.php\/wp-json\/wp\/v2\/media\/7207"}],"wp:attachment":[{"href":"https:\/\/bdmiam.fr\/index.php\/wp-json\/wp\/v2\/media?parent=5958"}],"curies":[{"name":"wp","href":"https:\/\/api.w.org\/{rel}","templated":true}]}}