{"id":5973,"date":"2023-05-08T13:24:42","date_gmt":"2023-05-08T12:24:42","guid":{"rendered":"http:\/\/bdmiam.fr\/?page_id=5973"},"modified":"2023-11-12T21:55:59","modified_gmt":"2023-11-12T20:55:59","slug":"loic-clement","status":"publish","type":"page","link":"https:\/\/bdmiam.fr\/index.php\/festival-2023\/loic-clement\/","title":{"rendered":"Loic Clement"},"content":{"rendered":"\n<div class=\"wp-block-image\"><figure class=\"aligncenter\"><img data-recalc-dims=\"1\" loading=\"lazy\" decoding=\"async\" width=\"184\" height=\"184\" src=\"https:\/\/i0.wp.com\/bdmiam.fr\/wp-content\/uploads\/2023\/05\/Photo_26195-1.jpg?resize=184%2C184&#038;ssl=1\" alt=\"\" class=\"wp-image-5974\" srcset=\"https:\/\/i0.wp.com\/bdmiam.fr\/wp-content\/uploads\/2023\/05\/Photo_26195-1.jpg?w=184&amp;ssl=1 184w, https:\/\/i0.wp.com\/bdmiam.fr\/wp-content\/uploads\/2023\/05\/Photo_26195-1.jpg?resize=150%2C150&amp;ssl=1 150w\" sizes=\"auto, (max-width: 184px) 100vw, 184px\" \/><figcaption> <br>Cr\u00e9dit Photo : Chlo\u00e9 Vollmer-Lo <\/figcaption><\/figure><\/div>\n\n\n\n<p> Sc\u00e9nariste de bande dessin\u00e9e et auteur pour la jeunesse, Lo\u00efc est un passionn\u00e9 du livre. Il est \u00e0 la fois critique litt\u00e9raire, biblioth\u00e9caire et enseignant de l\u2019histoire de la bande dessin\u00e9e. Il vit quelque part \u00e0 la campagne o\u00f9 il cultive son jardin et son amour des poneys. Pendant que le monde devient fou, il grignote du chocolat blanc en r\u00eavant \u00e0 de nouvelles histoires. <\/p>\n\n\n\n<div class=\"wp-block-image\"><figure class=\"aligncenter is-resized\"><img data-recalc-dims=\"1\" loading=\"lazy\" decoding=\"async\" src=\"https:\/\/i0.wp.com\/bdmiam.fr\/wp-content\/uploads\/2023\/05\/Couv_462501-1.jpg?resize=257%2C332&#038;ssl=1\" alt=\"\" class=\"wp-image-5953\" width=\"257\" height=\"332\" srcset=\"https:\/\/i0.wp.com\/bdmiam.fr\/wp-content\/uploads\/2023\/05\/Couv_462501-1.jpg?w=384&amp;ssl=1 384w, https:\/\/i0.wp.com\/bdmiam.fr\/wp-content\/uploads\/2023\/05\/Couv_462501-1.jpg?resize=232%2C300&amp;ssl=1 232w\" sizes=\"auto, (max-width: 257px) 100vw, 257px\" \/><\/figure><\/div>\n\n\n\n<p style=\"text-align:center\">Source : <a href=\"https:\/\/www.bedetheque.com\/auteur-26195-BD-Clement-Loic.html\" target=\"_blank\" rel=\"noreferrer noopener\" aria-label=\" (s\u2019ouvre dans un nouvel onglet)\">bedetheque.com<\/a><\/p>\n","protected":false},"excerpt":{"rendered":"<p>Sc\u00e9nariste de bande dessin\u00e9e et auteur pour la jeunesse, Lo\u00efc est un passionn\u00e9 du livre. Il est \u00e0 la fois critique litt\u00e9raire, biblioth\u00e9caire et enseignant de l\u2019histoire de la bande dessin\u00e9e. Il vit quelque part \u00e0 la campagne o\u00f9 il cultive son jardin et son amour des poneys. Pendant que le monde devient fou, il [&hellip;]<\/p>\n","protected":false},"author":8,"featured_media":5954,"parent":4479,"menu_order":0,"comment_status":"closed","ping_status":"closed","template":"","meta":{"footnotes":""},"class_list":["post-5973","page","type-page","status-publish","has-post-thumbnail","hentry"],"jetpack_sharing_enabled":true,"_links":{"self":[{"href":"https:\/\/bdmiam.fr\/index.php\/wp-json\/wp\/v2\/pages\/5973","targetHints":{"allow":["GET"]}}],"collection":[{"href":"https:\/\/bdmiam.fr\/index.php\/wp-json\/wp\/v2\/pages"}],"about":[{"href":"https:\/\/bdmiam.fr\/index.php\/wp-json\/wp\/v2\/types\/page"}],"author":[{"embeddable":true,"href":"https:\/\/bdmiam.fr\/index.php\/wp-json\/wp\/v2\/users\/8"}],"replies":[{"embeddable":true,"href":"https:\/\/bdmiam.fr\/index.php\/wp-json\/wp\/v2\/comments?post=5973"}],"version-history":[{"count":1,"href":"https:\/\/bdmiam.fr\/index.php\/wp-json\/wp\/v2\/pages\/5973\/revisions"}],"predecessor-version":[{"id":6368,"href":"https:\/\/bdmiam.fr\/index.php\/wp-json\/wp\/v2\/pages\/5973\/revisions\/6368"}],"up":[{"embeddable":true,"href":"https:\/\/bdmiam.fr\/index.php\/wp-json\/wp\/v2\/pages\/4479"}],"wp:featuredmedia":[{"embeddable":true,"href":"https:\/\/bdmiam.fr\/index.php\/wp-json\/wp\/v2\/media\/5954"}],"wp:attachment":[{"href":"https:\/\/bdmiam.fr\/index.php\/wp-json\/wp\/v2\/media?parent=5973"}],"curies":[{"name":"wp","href":"https:\/\/api.w.org\/{rel}","templated":true}]}}