{"id":5984,"date":"2023-05-08T13:58:27","date_gmt":"2023-05-08T12:58:27","guid":{"rendered":"http:\/\/bdmiam.fr\/?page_id=5984"},"modified":"2026-03-22T15:49:30","modified_gmt":"2026-03-22T14:49:30","slug":"jean-sebastien-bordas","status":"publish","type":"page","link":"https:\/\/bdmiam.fr\/index.php\/festival-2023\/jean-sebastien-bordas\/","title":{"rendered":"Jean-S\u00e9bastien Bordas"},"content":{"rendered":"\n<figure class=\"wp-block-image aligncenter size-full is-resized\"><img data-recalc-dims=\"1\" loading=\"lazy\" decoding=\"async\" width=\"300\" height=\"375\" src=\"https:\/\/i0.wp.com\/bdmiam.fr\/wp-content\/uploads\/2023\/11\/AVT_Jean-Sebastien-Bordas_4093.webp?resize=300%2C375&#038;ssl=1\" alt=\"\" class=\"wp-image-6216\" srcset=\"https:\/\/i0.wp.com\/bdmiam.fr\/wp-content\/uploads\/2023\/11\/AVT_Jean-Sebastien-Bordas_4093.webp?w=300&amp;ssl=1 300w, https:\/\/i0.wp.com\/bdmiam.fr\/wp-content\/uploads\/2023\/11\/AVT_Jean-Sebastien-Bordas_4093.webp?resize=240%2C300&amp;ssl=1 240w\" sizes=\"auto, (max-width: 300px) 100vw, 300px\" \/><\/figure>\n\n\n\n<p class=\"has-text-align-center\">Jean-S\u00e9bastien est n\u00e9 en 1980 \u00e0 Paris, mais tr\u00e8s vite son destin l&rsquo;entra\u00eenera \u00e0 Lyon, puis Mexico, Annecy, pour revenir \u00e0 Paris pour passer son Bac. Apr\u00e8s un an de pr\u00e9pa \u00e0 l&rsquo;ESAG (Ecole Sup\u00e9rieure d&rsquo;Arts Graphiques), il entre aux Gobelins. Pratiquant le 9\u00e8me art depuis l&rsquo;\u00e2ge de cinq ans (! !), l&rsquo;envie d&rsquo;en faire son m\u00e9tier lui est venue vers 17 ans en lisant les albums de Fred ou de Loisel. Il a d&rsquo;abord envoy\u00e9 ses planches aux \u00e9diteurs par courrier, puis profitant de la pr\u00e9sence de Guy Delcourt au festival Quai des Bulles de St Malo, il lui a directement pr\u00e9sent\u00e9 les 14 premi\u00e8res planches du Dr H\u00e9raclius Gloss, et le contrat a suivi tr\u00e8s vite ! Ses influences vont de Blain ou Munoz \u00e0 De Cr\u00e9cy.<br><br>Texte \u00a9 Delcourt<\/p>\n\n\n\n<figure data-wp-context=\"{&quot;imageId&quot;:&quot;69e4a9f2e798d&quot;}\" data-wp-interactive=\"core\/image\" data-wp-key=\"69e4a9f2e798d\" class=\"wp-block-image aligncenter size-full is-resized wp-lightbox-container\"><img data-recalc-dims=\"1\" loading=\"lazy\" decoding=\"async\" width=\"1127\" height=\"1500\" data-wp-class--hide=\"state.isContentHidden\" data-wp-class--show=\"state.isContentVisible\" data-wp-init=\"callbacks.setButtonStyles\" data-wp-on--click=\"actions.showLightbox\" data-wp-on--load=\"callbacks.setButtonStyles\" data-wp-on-window--resize=\"callbacks.setButtonStyles\" src=\"https:\/\/i0.wp.com\/bdmiam.fr\/wp-content\/uploads\/2026\/03\/81czmunV-GL._SL1500_.jpg?resize=1127%2C1500&#038;ssl=1\" alt=\"\" class=\"wp-image-7482\" srcset=\"https:\/\/i0.wp.com\/bdmiam.fr\/wp-content\/uploads\/2026\/03\/81czmunV-GL._SL1500_.jpg?w=1127&amp;ssl=1 1127w, https:\/\/i0.wp.com\/bdmiam.fr\/wp-content\/uploads\/2026\/03\/81czmunV-GL._SL1500_.jpg?resize=225%2C300&amp;ssl=1 225w, https:\/\/i0.wp.com\/bdmiam.fr\/wp-content\/uploads\/2026\/03\/81czmunV-GL._SL1500_.jpg?resize=769%2C1024&amp;ssl=1 769w, https:\/\/i0.wp.com\/bdmiam.fr\/wp-content\/uploads\/2026\/03\/81czmunV-GL._SL1500_.jpg?resize=768%2C1022&amp;ssl=1 768w\" sizes=\"auto, (max-width: 1000px) 100vw, 1000px\" \/><button\n\t\t\tclass=\"lightbox-trigger\"\n\t\t\ttype=\"button\"\n\t\t\taria-haspopup=\"dialog\"\n\t\t\taria-label=\"Agrandir\"\n\t\t\tdata-wp-init=\"callbacks.initTriggerButton\"\n\t\t\tdata-wp-on--click=\"actions.showLightbox\"\n\t\t\tdata-wp-style--right=\"state.imageButtonRight\"\n\t\t\tdata-wp-style--top=\"state.imageButtonTop\"\n\t\t>\n\t\t\t<svg xmlns=\"http:\/\/www.w3.org\/2000\/svg\" width=\"12\" height=\"12\" fill=\"none\" viewBox=\"0 0 12 12\">\n\t\t\t\t<path fill=\"#fff\" d=\"M2 0a2 2 0 0 0-2 2v2h1.5V2a.5.5 0 0 1 .5-.5h2V0H2Zm2 10.5H2a.5.5 0 0 1-.5-.5V8H0v2a2 2 0 0 0 2 2h2v-1.5ZM8 12v-1.5h2a.5.5 0 0 0 .5-.5V8H12v2a2 2 0 0 1-2 2H8Zm2-12a2 2 0 0 1 2 2v2h-1.5V2a.5.5 0 0 0-.5-.5H8V0h2Z\" \/>\n\t\t\t<\/svg>\n\t\t<\/button><\/figure>\n\n\n\n<p class=\"has-text-align-center\">Source : <a href=\"https:\/\/www.bedetheque.com\/auteur-9308-BD-Bordas-Jean-Sebastien.html\" target=\"_blank\" rel=\"noreferrer noopener\" aria-label=\" (s\u2019ouvre dans un nouvel onglet)\">Bedetheque.com<\/a><\/p>\n\n\n\n<p><br><\/p>\n","protected":false},"excerpt":{"rendered":"<p>Jean-S\u00e9bastien est n\u00e9 en 1980 \u00e0 Paris, mais tr\u00e8s vite son destin l&rsquo;entra\u00eenera \u00e0 Lyon, puis Mexico, Annecy, pour revenir \u00e0 Paris pour passer son Bac. Apr\u00e8s un an de pr\u00e9pa \u00e0 l&rsquo;ESAG (Ecole Sup\u00e9rieure d&rsquo;Arts Graphiques), il entre aux Gobelins. Pratiquant le 9\u00e8me art depuis l&rsquo;\u00e2ge de cinq ans (! !), l&rsquo;envie d&rsquo;en faire [&hellip;]<\/p>\n","protected":false},"author":8,"featured_media":5987,"parent":4479,"menu_order":0,"comment_status":"closed","ping_status":"closed","template":"page-with-sidebar","meta":{"footnotes":""},"class_list":["post-5984","page","type-page","status-publish","has-post-thumbnail","hentry"],"jetpack_sharing_enabled":true,"_links":{"self":[{"href":"https:\/\/bdmiam.fr\/index.php\/wp-json\/wp\/v2\/pages\/5984","targetHints":{"allow":["GET"]}}],"collection":[{"href":"https:\/\/bdmiam.fr\/index.php\/wp-json\/wp\/v2\/pages"}],"about":[{"href":"https:\/\/bdmiam.fr\/index.php\/wp-json\/wp\/v2\/types\/page"}],"author":[{"embeddable":true,"href":"https:\/\/bdmiam.fr\/index.php\/wp-json\/wp\/v2\/users\/8"}],"replies":[{"embeddable":true,"href":"https:\/\/bdmiam.fr\/index.php\/wp-json\/wp\/v2\/comments?post=5984"}],"version-history":[{"count":2,"href":"https:\/\/bdmiam.fr\/index.php\/wp-json\/wp\/v2\/pages\/5984\/revisions"}],"predecessor-version":[{"id":7489,"href":"https:\/\/bdmiam.fr\/index.php\/wp-json\/wp\/v2\/pages\/5984\/revisions\/7489"}],"up":[{"embeddable":true,"href":"https:\/\/bdmiam.fr\/index.php\/wp-json\/wp\/v2\/pages\/4479"}],"wp:featuredmedia":[{"embeddable":true,"href":"https:\/\/bdmiam.fr\/index.php\/wp-json\/wp\/v2\/media\/5987"}],"wp:attachment":[{"href":"https:\/\/bdmiam.fr\/index.php\/wp-json\/wp\/v2\/media?parent=5984"}],"curies":[{"name":"wp","href":"https:\/\/api.w.org\/{rel}","templated":true}]}}