{"id":6077,"date":"2023-05-08T17:27:22","date_gmt":"2023-05-08T16:27:22","guid":{"rendered":"http:\/\/bdmiam.fr\/?page_id=6077"},"modified":"2023-11-12T22:12:44","modified_gmt":"2023-11-12T21:12:44","slug":"claire-martin","status":"publish","type":"page","link":"https:\/\/bdmiam.fr\/index.php\/festival-2023\/claire-martin\/","title":{"rendered":"Claire Martin"},"content":{"rendered":"\n<div class=\"wp-block-image\"><figure class=\"aligncenter is-resized\"><img data-recalc-dims=\"1\" loading=\"lazy\" decoding=\"async\" src=\"https:\/\/i0.wp.com\/bdmiam.fr\/wp-content\/uploads\/2023\/05\/Photo_59236-1.jpg?resize=284%2C284&#038;ssl=1\" alt=\"\" class=\"wp-image-6078\" width=\"284\" height=\"284\" srcset=\"https:\/\/i0.wp.com\/bdmiam.fr\/wp-content\/uploads\/2023\/05\/Photo_59236-1.jpg?w=472&amp;ssl=1 472w, https:\/\/i0.wp.com\/bdmiam.fr\/wp-content\/uploads\/2023\/05\/Photo_59236-1.jpg?resize=300%2C300&amp;ssl=1 300w, https:\/\/i0.wp.com\/bdmiam.fr\/wp-content\/uploads\/2023\/05\/Photo_59236-1.jpg?resize=150%2C150&amp;ssl=1 150w\" sizes=\"auto, (max-width: 284px) 100vw, 284px\" \/><\/figure><\/div>\n\n\n\n<p style=\"text-align:center\"> Claire Martin est une auteure et artiste fran\u00e7aise. Dipl\u00f4m\u00e9e de l\u2019\u00e9cole \u00c9mile Cohl en Janvier 2019 (Dipl\u00f4me de Dessinateur Concepteur), elle travaille sur des projets de BD et d\u2019illustration papiers ou num\u00e9riques. <\/p>\n\n\n\n<div class=\"wp-block-image\"><figure class=\"aligncenter\"><img data-recalc-dims=\"1\" loading=\"lazy\" decoding=\"async\" width=\"400\" height=\"513\" src=\"https:\/\/i0.wp.com\/bdmiam.fr\/wp-content\/uploads\/2023\/05\/43_9782822235778_1_75-1.jpg?resize=400%2C513&#038;ssl=1\" alt=\"\" class=\"wp-image-6079\" srcset=\"https:\/\/i0.wp.com\/bdmiam.fr\/wp-content\/uploads\/2023\/05\/43_9782822235778_1_75-1.jpg?w=400&amp;ssl=1 400w, https:\/\/i0.wp.com\/bdmiam.fr\/wp-content\/uploads\/2023\/05\/43_9782822235778_1_75-1.jpg?resize=234%2C300&amp;ssl=1 234w\" sizes=\"auto, (max-width: 400px) 100vw, 400px\" \/><\/figure><\/div>\n\n\n\n<p style=\"text-align:center\">Source : <a href=\"https:\/\/www.bedetheque.com\/auteur-59236-BD-Martin-Claire.html\" target=\"_blank\" rel=\"noreferrer noopener\" aria-label=\" (s\u2019ouvre dans un nouvel onglet)\">bedetheque.com<\/a><\/p>\n","protected":false},"excerpt":{"rendered":"<p>Claire Martin est une auteure et artiste fran\u00e7aise. Dipl\u00f4m\u00e9e de l\u2019\u00e9cole \u00c9mile Cohl en Janvier 2019 (Dipl\u00f4me de Dessinateur Concepteur), elle travaille sur des projets de BD et d\u2019illustration papiers ou num\u00e9riques. Source : bedetheque.com<\/p>\n","protected":false},"author":8,"featured_media":6080,"parent":4479,"menu_order":0,"comment_status":"closed","ping_status":"closed","template":"","meta":{"footnotes":""},"class_list":["post-6077","page","type-page","status-publish","has-post-thumbnail","hentry"],"jetpack_sharing_enabled":true,"_links":{"self":[{"href":"https:\/\/bdmiam.fr\/index.php\/wp-json\/wp\/v2\/pages\/6077","targetHints":{"allow":["GET"]}}],"collection":[{"href":"https:\/\/bdmiam.fr\/index.php\/wp-json\/wp\/v2\/pages"}],"about":[{"href":"https:\/\/bdmiam.fr\/index.php\/wp-json\/wp\/v2\/types\/page"}],"author":[{"embeddable":true,"href":"https:\/\/bdmiam.fr\/index.php\/wp-json\/wp\/v2\/users\/8"}],"replies":[{"embeddable":true,"href":"https:\/\/bdmiam.fr\/index.php\/wp-json\/wp\/v2\/comments?post=6077"}],"version-history":[{"count":1,"href":"https:\/\/bdmiam.fr\/index.php\/wp-json\/wp\/v2\/pages\/6077\/revisions"}],"predecessor-version":[{"id":6384,"href":"https:\/\/bdmiam.fr\/index.php\/wp-json\/wp\/v2\/pages\/6077\/revisions\/6384"}],"up":[{"embeddable":true,"href":"https:\/\/bdmiam.fr\/index.php\/wp-json\/wp\/v2\/pages\/4479"}],"wp:featuredmedia":[{"embeddable":true,"href":"https:\/\/bdmiam.fr\/index.php\/wp-json\/wp\/v2\/media\/6080"}],"wp:attachment":[{"href":"https:\/\/bdmiam.fr\/index.php\/wp-json\/wp\/v2\/media?parent=6077"}],"curies":[{"name":"wp","href":"https:\/\/api.w.org\/{rel}","templated":true}]}}