{"id":6112,"date":"2023-05-08T21:33:24","date_gmt":"2023-05-08T20:33:24","guid":{"rendered":"http:\/\/bdmiam.fr\/?page_id=6112"},"modified":"2023-11-12T21:50:46","modified_gmt":"2023-11-12T20:50:46","slug":"javier-casado","status":"publish","type":"page","link":"https:\/\/bdmiam.fr\/index.php\/festival-2023\/javier-casado\/","title":{"rendered":"Javier CASADO"},"content":{"rendered":"\n<figure class=\"wp-block-image aligncenter size-full\"><img data-recalc-dims=\"1\" loading=\"lazy\" decoding=\"async\" width=\"256\" height=\"256\" src=\"https:\/\/i0.wp.com\/bdmiam.fr\/wp-content\/uploads\/2023\/11\/Photo_44091.jpg?resize=256%2C256&#038;ssl=1\" alt=\"\" class=\"wp-image-6191\" srcset=\"https:\/\/i0.wp.com\/bdmiam.fr\/wp-content\/uploads\/2023\/11\/Photo_44091.jpg?w=256&amp;ssl=1 256w, https:\/\/i0.wp.com\/bdmiam.fr\/wp-content\/uploads\/2023\/11\/Photo_44091.jpg?resize=150%2C150&amp;ssl=1 150w\" sizes=\"auto, (max-width: 256px) 100vw, 256px\" \/><\/figure>\n\n\n\n<p class=\"has-text-align-center\"> Javier S\u00e1nchez Casado est n\u00e9 en 1979 \u00e0 Barcelone. Apr\u00e8s avoir travaill\u00e9 en tant que graphiste, illustrateur et directeur artistique, il se consacre aujourd\u2019hui pleinement \u00e0 la bande dessin\u00e9e. <em>Les Aventures ahurissantes de Benjamin Blackstone<\/em> est son premier album. <\/p>\n\n\n\n<figure class=\"wp-block-image aligncenter is-resized\"><img data-recalc-dims=\"1\" loading=\"lazy\" decoding=\"async\" width=\"773\" height=\"1024\" src=\"https:\/\/i0.wp.com\/bdmiam.fr\/wp-content\/uploads\/2023\/05\/Couv_472072-1.jpg?resize=773%2C1024&#038;ssl=1\" alt=\"\" class=\"wp-image-6114\" style=\"width:475px;height:629px\" srcset=\"https:\/\/i0.wp.com\/bdmiam.fr\/wp-content\/uploads\/2023\/05\/Couv_472072-1.jpg?resize=773%2C1024&amp;ssl=1 773w, https:\/\/i0.wp.com\/bdmiam.fr\/wp-content\/uploads\/2023\/05\/Couv_472072-1.jpg?resize=226%2C300&amp;ssl=1 226w, https:\/\/i0.wp.com\/bdmiam.fr\/wp-content\/uploads\/2023\/05\/Couv_472072-1.jpg?resize=768%2C1017&amp;ssl=1 768w, https:\/\/i0.wp.com\/bdmiam.fr\/wp-content\/uploads\/2023\/05\/Couv_472072-1.jpg?w=850&amp;ssl=1 850w\" sizes=\"auto, (max-width: 773px) 100vw, 773px\" \/><\/figure>\n\n\n\n<p><strong>Info festival 2023 :  <\/strong>Les albums de Javier Casado devront \u00eatre achet\u00e9s \u00e0 la librairie du festival en \u00e9change d\u2019une d\u00e9dicace. <\/p>\n\n\n\n<p class=\"has-text-align-center\">Source : <a href=\"https:\/\/www.bedetheque.com\/auteur-44091-BD-Casado.html\" target=\"_blank\" rel=\"noreferrer noopener\" aria-label=\"Bedetheque.com (s\u2019ouvre dans un nouvel onglet)\">Bedetheque.com<\/a><\/p>\n","protected":false},"excerpt":{"rendered":"<p>Javier S\u00e1nchez Casado est n\u00e9 en 1979 \u00e0 Barcelone. Apr\u00e8s avoir travaill\u00e9 en tant que graphiste, illustrateur et directeur artistique, il se consacre aujourd\u2019hui pleinement \u00e0 la bande dessin\u00e9e. Les Aventures ahurissantes de Benjamin Blackstone est son premier album. Info festival 2023 : Les albums de Javier Casado devront \u00eatre achet\u00e9s \u00e0 la librairie du [&hellip;]<\/p>\n","protected":false},"author":8,"featured_media":6115,"parent":4479,"menu_order":0,"comment_status":"closed","ping_status":"closed","template":"","meta":{"footnotes":""},"class_list":["post-6112","page","type-page","status-publish","has-post-thumbnail","hentry"],"jetpack_sharing_enabled":true,"_links":{"self":[{"href":"https:\/\/bdmiam.fr\/index.php\/wp-json\/wp\/v2\/pages\/6112","targetHints":{"allow":["GET"]}}],"collection":[{"href":"https:\/\/bdmiam.fr\/index.php\/wp-json\/wp\/v2\/pages"}],"about":[{"href":"https:\/\/bdmiam.fr\/index.php\/wp-json\/wp\/v2\/types\/page"}],"author":[{"embeddable":true,"href":"https:\/\/bdmiam.fr\/index.php\/wp-json\/wp\/v2\/users\/8"}],"replies":[{"embeddable":true,"href":"https:\/\/bdmiam.fr\/index.php\/wp-json\/wp\/v2\/comments?post=6112"}],"version-history":[{"count":1,"href":"https:\/\/bdmiam.fr\/index.php\/wp-json\/wp\/v2\/pages\/6112\/revisions"}],"predecessor-version":[{"id":6361,"href":"https:\/\/bdmiam.fr\/index.php\/wp-json\/wp\/v2\/pages\/6112\/revisions\/6361"}],"up":[{"embeddable":true,"href":"https:\/\/bdmiam.fr\/index.php\/wp-json\/wp\/v2\/pages\/4479"}],"wp:featuredmedia":[{"embeddable":true,"href":"https:\/\/bdmiam.fr\/index.php\/wp-json\/wp\/v2\/media\/6115"}],"wp:attachment":[{"href":"https:\/\/bdmiam.fr\/index.php\/wp-json\/wp\/v2\/media?parent=6112"}],"curies":[{"name":"wp","href":"https:\/\/api.w.org\/{rel}","templated":true}]}}