{"id":6121,"date":"2023-05-10T20:48:19","date_gmt":"2023-05-10T19:48:19","guid":{"rendered":"http:\/\/bdmiam.fr\/?page_id=6121"},"modified":"2023-11-12T21:57:37","modified_gmt":"2023-11-12T20:57:37","slug":"nicolas-nayaert","status":"publish","type":"page","link":"https:\/\/bdmiam.fr\/index.php\/festival-2023\/nicolas-nayaert\/","title":{"rendered":"Nicolas Nayaert"},"content":{"rendered":"\n<figure class=\"wp-block-image aligncenter size-full is-resized\"><img data-recalc-dims=\"1\" loading=\"lazy\" decoding=\"async\" width=\"650\" height=\"650\" src=\"https:\/\/i0.wp.com\/bdmiam.fr\/wp-content\/uploads\/2023\/05\/Photo_66481-1.jpg?resize=650%2C650&#038;ssl=1\" alt=\"\" class=\"wp-image-6122\" srcset=\"https:\/\/i0.wp.com\/bdmiam.fr\/wp-content\/uploads\/2023\/05\/Photo_66481-1.jpg?w=650&amp;ssl=1 650w, https:\/\/i0.wp.com\/bdmiam.fr\/wp-content\/uploads\/2023\/05\/Photo_66481-1.jpg?resize=300%2C300&amp;ssl=1 300w, https:\/\/i0.wp.com\/bdmiam.fr\/wp-content\/uploads\/2023\/05\/Photo_66481-1.jpg?resize=150%2C150&amp;ssl=1 150w\" sizes=\"auto, (max-width: 650px) 100vw, 650px\" \/><\/figure>\n\n\n\n<p class=\"has-text-align-center\">\n\nConcepteur de logiciels le jour, musicien la nuit, Nicolas Nayaert, alias Blaede, est l\u2019initiateur et le coordinateur du projet SOW. Apr\u00e8s avoir travaill\u00e9 sur Seeds of Wars : Le Jeu de r\u00f4le et son application web, il d\u00e9cide de cr\u00e9er sa propre maison d\u2019\u00e9dition, Kalopsia. Fan de bandes dessin\u00e9es depuis son enfance, c\u2019est un r\u00eave qui se r\u00e9alise avec la naissance de cette s\u00e9rie, surtout avec un artiste comme Bojan Vuki\u0107 \u00e0 la table \u00e0 dessin.<\/p>\n\n\n\n<p class=\"has-text-align-center\">Texte \u00a9&nbsp;Kalopsia <\/p>\n\n\n\n<figure class=\"wp-block-image aligncenter size-large is-resized\"><img data-recalc-dims=\"1\" loading=\"lazy\" decoding=\"async\" width=\"768\" height=\"1024\" src=\"https:\/\/i0.wp.com\/bdmiam.fr\/wp-content\/uploads\/2023\/11\/Couv_465757-1.jpg?resize=768%2C1024&#038;ssl=1\" alt=\"\" class=\"wp-image-6187\" srcset=\"https:\/\/i0.wp.com\/bdmiam.fr\/wp-content\/uploads\/2023\/11\/Couv_465757-1.jpg?resize=768%2C1024&amp;ssl=1 768w, https:\/\/i0.wp.com\/bdmiam.fr\/wp-content\/uploads\/2023\/11\/Couv_465757-1.jpg?resize=225%2C300&amp;ssl=1 225w, https:\/\/i0.wp.com\/bdmiam.fr\/wp-content\/uploads\/2023\/11\/Couv_465757-1.jpg?w=850&amp;ssl=1 850w\" sizes=\"auto, (max-width: 768px) 100vw, 768px\" \/><\/figure>\n\n\n\n<p class=\"has-text-align-center\">Source : <a href=\"https:\/\/www.bedetheque.com\/auteur-66481-BD-Nayaert-Nicolas.html\" target=\"_blank\" rel=\"noreferrer noopener\" aria-label=\"bedetheque.com (s\u2019ouvre dans un nouvel onglet)\">bedetheque.com<\/a><\/p>\n","protected":false},"excerpt":{"rendered":"<p>Concepteur de logiciels le jour, musicien la nuit, Nicolas Nayaert, alias Blaede, est l\u2019initiateur et le coordinateur du projet SOW. Apr\u00e8s avoir travaill\u00e9 sur Seeds of Wars : Le Jeu de r\u00f4le et son application web, il d\u00e9cide de cr\u00e9er sa propre maison d\u2019\u00e9dition, Kalopsia. Fan de bandes dessin\u00e9es depuis son enfance, c\u2019est un r\u00eave [&hellip;]<\/p>\n","protected":false},"author":8,"featured_media":6012,"parent":4479,"menu_order":0,"comment_status":"closed","ping_status":"closed","template":"","meta":{"footnotes":""},"class_list":["post-6121","page","type-page","status-publish","has-post-thumbnail","hentry"],"jetpack_sharing_enabled":true,"_links":{"self":[{"href":"https:\/\/bdmiam.fr\/index.php\/wp-json\/wp\/v2\/pages\/6121","targetHints":{"allow":["GET"]}}],"collection":[{"href":"https:\/\/bdmiam.fr\/index.php\/wp-json\/wp\/v2\/pages"}],"about":[{"href":"https:\/\/bdmiam.fr\/index.php\/wp-json\/wp\/v2\/types\/page"}],"author":[{"embeddable":true,"href":"https:\/\/bdmiam.fr\/index.php\/wp-json\/wp\/v2\/users\/8"}],"replies":[{"embeddable":true,"href":"https:\/\/bdmiam.fr\/index.php\/wp-json\/wp\/v2\/comments?post=6121"}],"version-history":[{"count":2,"href":"https:\/\/bdmiam.fr\/index.php\/wp-json\/wp\/v2\/pages\/6121\/revisions"}],"predecessor-version":[{"id":6370,"href":"https:\/\/bdmiam.fr\/index.php\/wp-json\/wp\/v2\/pages\/6121\/revisions\/6370"}],"up":[{"embeddable":true,"href":"https:\/\/bdmiam.fr\/index.php\/wp-json\/wp\/v2\/pages\/4479"}],"wp:featuredmedia":[{"embeddable":true,"href":"https:\/\/bdmiam.fr\/index.php\/wp-json\/wp\/v2\/media\/6012"}],"wp:attachment":[{"href":"https:\/\/bdmiam.fr\/index.php\/wp-json\/wp\/v2\/media?parent=6121"}],"curies":[{"name":"wp","href":"https:\/\/api.w.org\/{rel}","templated":true}]}}