{"id":6506,"date":"2024-02-19T21:14:07","date_gmt":"2024-02-19T20:14:07","guid":{"rendered":"http:\/\/bdmiam.fr\/?p=6506"},"modified":"2024-05-19T22:51:22","modified_gmt":"2024-05-19T20:51:22","slug":"jean-charles-poupard","status":"publish","type":"page","link":"https:\/\/bdmiam.fr\/index.php\/festival-2024\/jean-charles-poupard\/","title":{"rendered":"Jean-Charles Poupard"},"content":{"rendered":"\n<figure class=\"wp-block-image aligncenter size-full\"><img data-recalc-dims=\"1\" loading=\"lazy\" decoding=\"async\" width=\"265\" height=\"199\" src=\"https:\/\/i0.wp.com\/bdmiam.fr\/wp-content\/uploads\/2024\/02\/Jean-Charles-Poupard.jpg?resize=265%2C199&#038;ssl=1\" alt=\"\" class=\"wp-image-6507\"\/><\/figure>\n\n\n\n<p class=\"has-text-align-center\">                 <\/p>\n\n\n\n<p class=\"has-text-align-center\">JEAN-CHARLES POUPARD est n\u00e9 en 1985. Il r\u00e9side \u00e0 Angoul\u00eame.<br>En 2007, il obtient sa licence d&rsquo;Arts Plastiques \u00e0 l&rsquo;Universit\u00e9 de Rennes, avant de rentrer \u00e0 l&rsquo;\u00e9cole des Arts sup\u00e9rieurs de Pivaut \u00e0 Nantes. Il y fait la connaissance de Timoth\u00e9e Montaigne, qui eut une importance notable sur son orientation graphique et narrative. En avril 2010, alors qu&rsquo;il lui restait encore un an \u00e0 faire pour d\u00e9crocher son dipl\u00f4me, Jean-Charles est recommand\u00e9 par Laurent Miny (illustrateur et enseignant \u00e0 l&rsquo;\u00e9cole Pivaut) aupr\u00e8s de Jean-Luc Istin, directeur de collection aux \u00c9ditions Soleil. Trois mois plus tard, il signe son premier album Jack l&rsquo;\u00e9ventreur, sur un sc\u00e9nario de Fran\u00e7ois Debois. L&rsquo;album sort en 2012, alors qu&rsquo;il travaille d\u00e9j\u00e0 depuis plusieurs mois au dessin, \u00e0 la couleur et co-sc\u00e9narise le deuxi\u00e8me tome de ce diptyque.<\/p>\n\n\n\n<p class=\"has-text-align-center\">                                <\/p>\n\n\n\n<figure class=\"wp-block-image aligncenter size-full\"><img data-recalc-dims=\"1\" loading=\"lazy\" decoding=\"async\" width=\"599\" height=\"800\" src=\"https:\/\/i0.wp.com\/bdmiam.fr\/wp-content\/uploads\/2024\/02\/419991720_767758042048035_5476385429310851550_n-1.jpg?resize=599%2C800&#038;ssl=1\" alt=\"\" class=\"wp-image-6508\" srcset=\"https:\/\/i0.wp.com\/bdmiam.fr\/wp-content\/uploads\/2024\/02\/419991720_767758042048035_5476385429310851550_n-1.jpg?w=599&amp;ssl=1 599w, https:\/\/i0.wp.com\/bdmiam.fr\/wp-content\/uploads\/2024\/02\/419991720_767758042048035_5476385429310851550_n-1.jpg?resize=225%2C300&amp;ssl=1 225w\" sizes=\"auto, (max-width: 599px) 100vw, 599px\" \/><\/figure>\n\n\n\n<p class=\"has-text-align-center\">                             <\/p>\n\n\n\n<p class=\"has-text-align-center\">Sources : <a href=\"https:\/\/www.editions-soleil.fr\/auteurs\/poupard-jean-charles\" data-type=\"link\" data-id=\"https:\/\/www.editions-soleil.fr\/auteurs\/poupard-jean-charles\" target=\"_blank\" rel=\"noreferrer noopener\">Editions Soleil<\/a><\/p>\n","protected":false},"excerpt":{"rendered":"<p>JEAN-CHARLES POUPARD est n\u00e9 en 1985. Il r\u00e9side \u00e0 Angoul\u00eame.En 2007, il obtient sa licence d&rsquo;Arts Plastiques \u00e0 l&rsquo;Universit\u00e9 de Rennes, avant de rentrer \u00e0 l&rsquo;\u00e9cole des Arts sup\u00e9rieurs de Pivaut \u00e0 Nantes. Il y fait la connaissance de Timoth\u00e9e Montaigne, qui eut une importance notable sur son orientation graphique et narrative. En avril 2010, [&hellip;]<\/p>\n","protected":false},"author":1,"featured_media":6509,"parent":6448,"menu_order":0,"comment_status":"open","ping_status":"open","template":"page-with-sidebar","meta":{"footnotes":""},"class_list":["post-6506","page","type-page","status-publish","has-post-thumbnail","hentry"],"jetpack_sharing_enabled":true,"_links":{"self":[{"href":"https:\/\/bdmiam.fr\/index.php\/wp-json\/wp\/v2\/pages\/6506","targetHints":{"allow":["GET"]}}],"collection":[{"href":"https:\/\/bdmiam.fr\/index.php\/wp-json\/wp\/v2\/pages"}],"about":[{"href":"https:\/\/bdmiam.fr\/index.php\/wp-json\/wp\/v2\/types\/page"}],"author":[{"embeddable":true,"href":"https:\/\/bdmiam.fr\/index.php\/wp-json\/wp\/v2\/users\/1"}],"replies":[{"embeddable":true,"href":"https:\/\/bdmiam.fr\/index.php\/wp-json\/wp\/v2\/comments?post=6506"}],"version-history":[{"count":1,"href":"https:\/\/bdmiam.fr\/index.php\/wp-json\/wp\/v2\/pages\/6506\/revisions"}],"predecessor-version":[{"id":6510,"href":"https:\/\/bdmiam.fr\/index.php\/wp-json\/wp\/v2\/pages\/6506\/revisions\/6510"}],"up":[{"embeddable":true,"href":"https:\/\/bdmiam.fr\/index.php\/wp-json\/wp\/v2\/pages\/6448"}],"wp:featuredmedia":[{"embeddable":true,"href":"https:\/\/bdmiam.fr\/index.php\/wp-json\/wp\/v2\/media\/6509"}],"wp:attachment":[{"href":"https:\/\/bdmiam.fr\/index.php\/wp-json\/wp\/v2\/media?parent=6506"}],"curies":[{"name":"wp","href":"https:\/\/api.w.org\/{rel}","templated":true}]}}