{"id":6564,"date":"2024-03-26T22:07:53","date_gmt":"2024-03-26T21:07:53","guid":{"rendered":"http:\/\/bdmiam.fr\/?page_id=6564"},"modified":"2024-05-19T22:51:22","modified_gmt":"2024-05-19T20:51:22","slug":"isabelle-maroger","status":"publish","type":"page","link":"https:\/\/bdmiam.fr\/index.php\/festival-2024\/isabelle-maroger\/","title":{"rendered":"Isabelle Maroger"},"content":{"rendered":"\n<figure class=\"wp-block-image aligncenter size-full\"><img data-recalc-dims=\"1\" loading=\"lazy\" decoding=\"async\" width=\"219\" height=\"283\" src=\"https:\/\/i0.wp.com\/bdmiam.fr\/wp-content\/uploads\/2024\/03\/Isabelle-Maroger.jpg?resize=219%2C283&#038;ssl=1\" alt=\"\" class=\"wp-image-6566\"\/><\/figure>\n\n\n\n<p>                         <\/p>\n\n\n\n<p class=\"has-text-align-center\">Isabelle Maroger est n\u00e9e en 1979 \u00e0 Montpellier d\u2019un p\u00e8re fran\u00e7ais et d\u2019une m\u00e8re norv\u00e9gienne. Isabelle a d\u00e8s son plus jeune \u00e2ge gribouill\u00e9 partout et sur tout, de pr\u00e9f\u00e9rence sur les rideaux du salon, sur son petit fr\u00e8re, sa grande s\u0153ur, son chien et son chat\u2026 Cela lui a r\u00e9ussi car elle a poursuivi ses hautes \u00e9tudes de gribouillage dans une vraie \u00e9cole de dessin, l\u2019\u00e9cole \u00c9mile-Cohl de Lyon. Elle travaille r\u00e9guli\u00e8rement pour la presse et l&rsquo;\u00e9dition jeunesse (Milan, Lito, Hatier\u2026). D\u00e9sormais elle illustre des livres et des magazines pour enfants ou femmes chic. Ce qu&rsquo;elle aime, c&rsquo;est cr\u00e9er des images et des bandes dessin\u00e9es qui font sourire. Parall\u00e8lement, elle donne des cours de bande dessin\u00e9e \u00e0 des enfants entre 8 et 15 ans \u00e0 Lyon, o\u00f9 elle vit actuellement.<\/p>\n\n\n\n<p>                                                  <\/p>\n\n\n\n<div class=\"wp-block-group is-content-justification-center is-nowrap is-layout-flex wp-container-core-group-is-layout-23441af8 wp-block-group-is-layout-flex\">\n<figure class=\"wp-block-image size-full\"><img data-recalc-dims=\"1\" loading=\"lazy\" decoding=\"async\" width=\"400\" height=\"526\" src=\"https:\/\/i0.wp.com\/bdmiam.fr\/wp-content\/uploads\/2024\/03\/434047267_807448171412355_5027395042566172078_n.jpg?resize=400%2C526&#038;ssl=1\" alt=\"\" class=\"wp-image-6567\" srcset=\"https:\/\/i0.wp.com\/bdmiam.fr\/wp-content\/uploads\/2024\/03\/434047267_807448171412355_5027395042566172078_n.jpg?w=400&amp;ssl=1 400w, https:\/\/i0.wp.com\/bdmiam.fr\/wp-content\/uploads\/2024\/03\/434047267_807448171412355_5027395042566172078_n.jpg?resize=228%2C300&amp;ssl=1 228w\" sizes=\"auto, (max-width: 400px) 100vw, 400px\" \/><\/figure>\n\n\n\n<figure class=\"wp-block-image size-full\"><img data-recalc-dims=\"1\" loading=\"lazy\" decoding=\"async\" width=\"400\" height=\"504\" src=\"https:\/\/i0.wp.com\/bdmiam.fr\/wp-content\/uploads\/2024\/03\/433966141_807448244745681_4823421999962117988_n.jpg?resize=400%2C504&#038;ssl=1\" alt=\"\" class=\"wp-image-6568\" srcset=\"https:\/\/i0.wp.com\/bdmiam.fr\/wp-content\/uploads\/2024\/03\/433966141_807448244745681_4823421999962117988_n.jpg?w=400&amp;ssl=1 400w, https:\/\/i0.wp.com\/bdmiam.fr\/wp-content\/uploads\/2024\/03\/433966141_807448244745681_4823421999962117988_n.jpg?resize=238%2C300&amp;ssl=1 238w\" sizes=\"auto, (max-width: 400px) 100vw, 400px\" \/><\/figure>\n<\/div>\n\n\n\n<p>                                  <\/p>\n\n\n\n<p class=\"has-text-align-center\">Sources : <a href=\"https:\/\/www.bedetheque.com\/auteur-24568-BD-Maroger-Isabelle.html\" target=\"_blank\" rel=\"noreferrer noopener\">Bedetheque.com<\/a><\/p>\n\n\n\n<p><\/p>\n","protected":false},"excerpt":{"rendered":"<p>Isabelle Maroger est n\u00e9e en 1979 \u00e0 Montpellier d\u2019un p\u00e8re fran\u00e7ais et d\u2019une m\u00e8re norv\u00e9gienne. Isabelle a d\u00e8s son plus jeune \u00e2ge gribouill\u00e9 partout et sur tout, de pr\u00e9f\u00e9rence sur les rideaux du salon, sur son petit fr\u00e8re, sa grande s\u0153ur, son chien et son chat\u2026 Cela lui a r\u00e9ussi car elle a poursuivi ses [&hellip;]<\/p>\n","protected":false},"author":1,"featured_media":6584,"parent":6448,"menu_order":0,"comment_status":"closed","ping_status":"closed","template":"page-with-sidebar","meta":{"footnotes":""},"class_list":["post-6564","page","type-page","status-publish","has-post-thumbnail","hentry"],"jetpack_sharing_enabled":true,"_links":{"self":[{"href":"https:\/\/bdmiam.fr\/index.php\/wp-json\/wp\/v2\/pages\/6564","targetHints":{"allow":["GET"]}}],"collection":[{"href":"https:\/\/bdmiam.fr\/index.php\/wp-json\/wp\/v2\/pages"}],"about":[{"href":"https:\/\/bdmiam.fr\/index.php\/wp-json\/wp\/v2\/types\/page"}],"author":[{"embeddable":true,"href":"https:\/\/bdmiam.fr\/index.php\/wp-json\/wp\/v2\/users\/1"}],"replies":[{"embeddable":true,"href":"https:\/\/bdmiam.fr\/index.php\/wp-json\/wp\/v2\/comments?post=6564"}],"version-history":[{"count":3,"href":"https:\/\/bdmiam.fr\/index.php\/wp-json\/wp\/v2\/pages\/6564\/revisions"}],"predecessor-version":[{"id":6585,"href":"https:\/\/bdmiam.fr\/index.php\/wp-json\/wp\/v2\/pages\/6564\/revisions\/6585"}],"up":[{"embeddable":true,"href":"https:\/\/bdmiam.fr\/index.php\/wp-json\/wp\/v2\/pages\/6448"}],"wp:featuredmedia":[{"embeddable":true,"href":"https:\/\/bdmiam.fr\/index.php\/wp-json\/wp\/v2\/media\/6584"}],"wp:attachment":[{"href":"https:\/\/bdmiam.fr\/index.php\/wp-json\/wp\/v2\/media?parent=6564"}],"curies":[{"name":"wp","href":"https:\/\/api.w.org\/{rel}","templated":true}]}}