{"id":6811,"date":"2024-05-22T22:40:49","date_gmt":"2024-05-22T20:40:49","guid":{"rendered":"https:\/\/bdmiam.fr\/?page_id=6811"},"modified":"2024-05-22T22:40:49","modified_gmt":"2024-05-22T20:40:49","slug":"loui","status":"publish","type":"page","link":"https:\/\/bdmiam.fr\/index.php\/festival-2024\/loui\/","title":{"rendered":"Loui"},"content":{"rendered":"\n<figure class=\"wp-block-image aligncenter size-full\"><img data-recalc-dims=\"1\" loading=\"lazy\" decoding=\"async\" width=\"500\" height=\"500\" src=\"https:\/\/i0.wp.com\/bdmiam.fr\/wp-content\/uploads\/2024\/05\/000000361492-INT.jpg?resize=500%2C500&#038;ssl=1\" alt=\"\" class=\"wp-image-6812\" srcset=\"https:\/\/i0.wp.com\/bdmiam.fr\/wp-content\/uploads\/2024\/05\/000000361492-INT.jpg?w=500&amp;ssl=1 500w, https:\/\/i0.wp.com\/bdmiam.fr\/wp-content\/uploads\/2024\/05\/000000361492-INT.jpg?resize=300%2C300&amp;ssl=1 300w, https:\/\/i0.wp.com\/bdmiam.fr\/wp-content\/uploads\/2024\/05\/000000361492-INT.jpg?resize=150%2C150&amp;ssl=1 150w\" sizes=\"auto, (max-width: 500px) 100vw, 500px\" \/><\/figure>\n\n\n\n<p class=\"has-text-align-center\">Berc\u00e9 depuis son plus jeune \u00e2ge par les contes et les l\u00e9gendes du monde entier, <strong><span style=\"text-decoration: underline;\">Loui<\/span><\/strong> d\u00e9veloppe une v\u00e9ritable passion pour les histoires. Cette passion le poussera d\u2019abord \u00e0 devenir \u00e9crivain, puis \u00e0 se r\u00e9orienter vers le dessin lorsqu\u2019il d\u00e9couvre la force de la narration japonaise \u00e0 travers le fameux\u00a0<em>One Piece<\/em>.<br>D\u00e9sireux de s\u2019approprier les codes du manga, il quitte sa <strong><span style=\"text-decoration: underline;\">terre natale du Ghana<\/span><\/strong> \u00e0 l\u2019\u00e2ge de 21 ans afin de percer le myst\u00e8re de \u201ccomment raconter une bonne histoire\u201d. En commen\u00e7ant par une formation dans une <span style=\"text-decoration: underline;\"><strong>\u00e9cole de manga en France<\/strong>,<\/span> il se tourne tr\u00e8s vite <strong><span style=\"text-decoration: underline;\">vers le Japon pour se former aupr\u00e8s de plusieurs mangakas<\/span><\/strong>, puis vers l\u2019Occident par le biais des travaux de John Truby et Joseph Campbell, avant de revenir \u00e0 ses racines autodidactes et de se lancer dans l\u2019\u00e9dition de sa premi\u00e8re s\u00e9rie,\u00a0<em>Red Flower Stories<\/em>.<br>Aujourd\u2019hui, le jeune auteur franco-ghan\u00e9en vous propose de vous plonger dans son univers riche en motifs et l\u00e9gendes ouest-africaines, en contes fantastiques d\u2019aventure et de vaudou inspir\u00e9s des r\u00e9cits de son enfance.<\/p>\n\n\n\n<p><\/p>\n\n\n\n<p class=\"has-text-align-center\"><strong><span style=\"text-decoration: underline;\">Info Festival : il d\u00e9dicace uniquement le dimanche.<\/span><\/strong><\/p>\n\n\n\n<p><\/p>\n\n\n\n<figure class=\"wp-block-image aligncenter size-full\"><img data-recalc-dims=\"1\" loading=\"lazy\" decoding=\"async\" width=\"600\" height=\"830\" src=\"https:\/\/i0.wp.com\/bdmiam.fr\/wp-content\/uploads\/2024\/05\/9782344053485-001-T.jpeg?resize=600%2C830&#038;ssl=1\" alt=\"\" class=\"wp-image-6808\" srcset=\"https:\/\/i0.wp.com\/bdmiam.fr\/wp-content\/uploads\/2024\/05\/9782344053485-001-T.jpeg?w=600&amp;ssl=1 600w, https:\/\/i0.wp.com\/bdmiam.fr\/wp-content\/uploads\/2024\/05\/9782344053485-001-T.jpeg?resize=217%2C300&amp;ssl=1 217w\" sizes=\"auto, (max-width: 600px) 100vw, 600px\" \/><\/figure>\n\n\n\n<p><\/p>\n\n\n\n<p class=\"has-text-align-center\">Sources : <a href=\"https:\/\/www.glenat.com\/auteurs\/loui\" data-type=\"link\" data-id=\"https:\/\/www.glenat.com\/auteurs\/loui\" target=\"_blank\" rel=\"noreferrer noopener\">Glenat.com<\/a><\/p>\n","protected":false},"excerpt":{"rendered":"<p>Berc\u00e9 depuis son plus jeune \u00e2ge par les contes et les l\u00e9gendes du monde entier, Loui d\u00e9veloppe une v\u00e9ritable passion pour les histoires. Cette passion le poussera d\u2019abord \u00e0 devenir \u00e9crivain, puis \u00e0 se r\u00e9orienter vers le dessin lorsqu\u2019il d\u00e9couvre la force de la narration japonaise \u00e0 travers le fameux\u00a0One Piece.D\u00e9sireux de s\u2019approprier les codes [&hellip;]<\/p>\n","protected":false},"author":1,"featured_media":6806,"parent":6448,"menu_order":0,"comment_status":"closed","ping_status":"closed","template":"page-with-sidebar","meta":{"footnotes":""},"class_list":["post-6811","page","type-page","status-publish","has-post-thumbnail","hentry"],"jetpack_sharing_enabled":true,"_links":{"self":[{"href":"https:\/\/bdmiam.fr\/index.php\/wp-json\/wp\/v2\/pages\/6811","targetHints":{"allow":["GET"]}}],"collection":[{"href":"https:\/\/bdmiam.fr\/index.php\/wp-json\/wp\/v2\/pages"}],"about":[{"href":"https:\/\/bdmiam.fr\/index.php\/wp-json\/wp\/v2\/types\/page"}],"author":[{"embeddable":true,"href":"https:\/\/bdmiam.fr\/index.php\/wp-json\/wp\/v2\/users\/1"}],"replies":[{"embeddable":true,"href":"https:\/\/bdmiam.fr\/index.php\/wp-json\/wp\/v2\/comments?post=6811"}],"version-history":[{"count":1,"href":"https:\/\/bdmiam.fr\/index.php\/wp-json\/wp\/v2\/pages\/6811\/revisions"}],"predecessor-version":[{"id":6813,"href":"https:\/\/bdmiam.fr\/index.php\/wp-json\/wp\/v2\/pages\/6811\/revisions\/6813"}],"up":[{"embeddable":true,"href":"https:\/\/bdmiam.fr\/index.php\/wp-json\/wp\/v2\/pages\/6448"}],"wp:featuredmedia":[{"embeddable":true,"href":"https:\/\/bdmiam.fr\/index.php\/wp-json\/wp\/v2\/media\/6806"}],"wp:attachment":[{"href":"https:\/\/bdmiam.fr\/index.php\/wp-json\/wp\/v2\/media?parent=6811"}],"curies":[{"name":"wp","href":"https:\/\/api.w.org\/{rel}","templated":true}]}}

<figure class="wp-block-image aligncenter size-full"><img data-recalc-dims="1" loading="lazy" decoding="async" width="500" height="500" src="https://i0.wp.com/bdmiam.fr/wp-content/uploads/2024/05/000000361492-INT.jpg?resize=500%2C500&#038;ssl=1" alt="" class="wp-image-6812" srcset="https://i0.wp.com/bdmiam.fr/wp-content/uploads/2024/05/000000361492-INT.jpg?w=500&amp;ssl=1 500w, https://i0.wp.com/bdmiam.fr/wp-content/uploads/2024/05/000000361492-INT.jpg?resize=300%2C300&amp;ssl=1 300w, https://i0.wp.com/bdmiam.fr/wp-content/uploads/2024/05/000000361492-INT.jpg?resize=150%2C150&amp;ssl=1 150w" sizes="auto, (max-width: 500px) 100vw, 500px" /></figure>



<p class="has-text-align-center">Bercé depuis son plus jeune âge par les contes et les légendes du monde entier, <strong><span style="text-decoration: underline;">Loui</span></strong> développe une véritable passion pour les histoires. Cette passion le poussera d’abord à devenir écrivain, puis à se réorienter vers le dessin lorsqu’il découvre la force de la narration japonaise à travers le fameux <em>One Piece</em>.<br>Désireux de s’approprier les codes du manga, il quitte sa <strong><span style="text-decoration: underline;">terre natale du Ghana</span></strong> à l’âge de 21 ans afin de percer le mystère de “comment raconter une bonne histoire”. En commençant par une formation dans une <span style="text-decoration: underline;"><strong>école de manga en France</strong>,</span> il se tourne très vite <strong><span style="text-decoration: underline;">vers le Japon pour se former auprès de plusieurs mangakas</span></strong>, puis vers l’Occident par le biais des travaux de John Truby et Joseph Campbell, avant de revenir à ses racines autodidactes et de se lancer dans l’édition de sa première série, <em>Red Flower Stories</em>.<br>Aujourd’hui, le jeune auteur franco-ghanéen vous propose de vous plonger dans son univers riche en motifs et légendes ouest-africaines, en contes fantastiques d’aventure et de vaudou inspirés des récits de son enfance.</p>



<p></p>



<p class="has-text-align-center"><strong><span style="text-decoration: underline;">Info Festival : il dédicace uniquement le dimanche.</span></strong></p>



<p></p>



<figure class="wp-block-image aligncenter size-full"><img data-recalc-dims="1" loading="lazy" decoding="async" width="600" height="830" src="https://i0.wp.com/bdmiam.fr/wp-content/uploads/2024/05/9782344053485-001-T.jpeg?resize=600%2C830&#038;ssl=1" alt="" class="wp-image-6808" srcset="https://i0.wp.com/bdmiam.fr/wp-content/uploads/2024/05/9782344053485-001-T.jpeg?w=600&amp;ssl=1 600w, https://i0.wp.com/bdmiam.fr/wp-content/uploads/2024/05/9782344053485-001-T.jpeg?resize=217%2C300&amp;ssl=1 217w" sizes="auto, (max-width: 600px) 100vw, 600px" /></figure>



<p></p>



<p class="has-text-align-center">Sources : <a href="https://www.glenat.com/auteurs/loui" data-type="link" data-id="https://www.glenat.com/auteurs/loui" target="_blank" rel="noreferrer noopener">Glenat.com</a></p>

<p>Bercé depuis son plus jeune âge par les contes et les légendes du monde entier, Loui développe une véritable passion pour les histoires. Cette passion le poussera d’abord à devenir écrivain, puis à se réorienter vers le dessin lorsqu’il découvre la force de la narration japonaise à travers le fameux One Piece.Désireux de s’approprier les codes [&hellip;]</p>
