{"id":6928,"date":"2024-06-16T21:54:32","date_gmt":"2024-06-16T19:54:32","guid":{"rendered":"https:\/\/bdmiam.fr\/?page_id=6928"},"modified":"2024-06-16T22:16:04","modified_gmt":"2024-06-16T20:16:04","slug":"latelier-marie-rose-marie","status":"publish","type":"page","link":"https:\/\/bdmiam.fr\/index.php\/festival-2024\/latelier-marie-rose-marie\/","title":{"rendered":"L&rsquo;atelier Marie-Rose-Marie"},"content":{"rendered":"\n<p class=\"has-text-align-center\">Cette ann\u00e9e nous allons vous proposer une belle nouveaut\u00e9, un atelier enfant\u00a0<img loading=\"lazy\" decoding=\"async\" height=\"16\" width=\"16\" src=\"https:\/\/static.xx.fbcdn.net\/images\/emoji.php\/v9\/t4c\/1\/16\/1f642.png\" alt=\"\ud83d\ude42\"><\/p>\n\n\n\n<p class=\"has-text-align-center\">Celui-ci sera anim\u00e9 par la talentueuse et adorable\u00a0<a href=\"https:\/\/bdmiam.fr\/index.php\/marlene-verglas\/\" target=\"_blank\" rel=\"noreferrer noopener\"><strong>Marl\u00e8ne Verglas<\/strong><\/a>\u00a0qui d\u00e9dicacera aussi durant le week-end ses albums jeunesse\u00a0<strong>\u00ab\u00a0Le Roi Radin\u00a0\u00bb<\/strong>\u00a0et\u00a0<strong>\u00ab\u00a0La fabrique de Marie-Rose-Marie\u00a0\u00bb<\/strong>\u00a0chez\u00a0<a href=\"https:\/\/www.facebook.com\/editions.balivernes?__cft__[0]=AZU1Kr7yWqnK-oTAVsjnu4ehRwqxNNCqqwmqAkRDoCbWUGnxi9k-Bpo-daUVgI4XNUdfzYoWP7jFEmZakbK_biSZdTrKxZSfPWJ6T_lI2caOhZLtESyTeUDgWBnvPoAU2sq05LghsSRPnOH2D6LTVycz86DFCe6GUAKqXeQJefXV74fKlu2pesbc1atGod_2HqDYCv_eLs-RBxookg6bxamc&amp;__tn__=-]K-R\">Balivernes \u00c9ditions<\/a>.<\/p>\n\n\n\n<p class=\"has-text-align-center\">3 ateliers par jour : <strong>11H30 &#8211; 14H00 &#8211; 16H00<\/strong><\/p>\n\n\n\n<p class=\"has-text-align-center\"><strong>8 places par session<\/strong><\/p>\n\n\n\n<p class=\"has-text-align-center\">Dur\u00e9e : <strong>20 minutes<\/strong><\/p>\n\n\n\n<p class=\"has-text-align-center\">Atelier <strong>enti\u00e8rement gratuit<\/strong><\/p>\n\n\n\n<p class=\"has-text-align-center\"><strong>Inscription sur place lors du festival<\/strong><\/p>\n\n\n\n<p class=\"has-text-align-center\">Vous pourrez fabriquer de belles roses merVEILLEUSES !!!<\/p>\n\n\n\n<figure class=\"wp-block-image size-large\"><img data-recalc-dims=\"1\" loading=\"lazy\" decoding=\"async\" width=\"724\" height=\"1024\" src=\"https:\/\/i0.wp.com\/bdmiam.fr\/wp-content\/uploads\/2024\/05\/442489358_844133994410439_8117868498261571439_n.jpg?resize=724%2C1024&#038;ssl=1\" alt=\"\" class=\"wp-image-6778\" srcset=\"https:\/\/i0.wp.com\/bdmiam.fr\/wp-content\/uploads\/2024\/05\/442489358_844133994410439_8117868498261571439_n.jpg?resize=724%2C1024&amp;ssl=1 724w, https:\/\/i0.wp.com\/bdmiam.fr\/wp-content\/uploads\/2024\/05\/442489358_844133994410439_8117868498261571439_n.jpg?resize=212%2C300&amp;ssl=1 212w, https:\/\/i0.wp.com\/bdmiam.fr\/wp-content\/uploads\/2024\/05\/442489358_844133994410439_8117868498261571439_n.jpg?resize=768%2C1086&amp;ssl=1 768w, https:\/\/i0.wp.com\/bdmiam.fr\/wp-content\/uploads\/2024\/05\/442489358_844133994410439_8117868498261571439_n.jpg?w=899&amp;ssl=1 899w\" sizes=\"auto, (max-width: 724px) 100vw, 724px\" \/><\/figure>\n","protected":false},"excerpt":{"rendered":"<p>Cette ann\u00e9e nous allons vous proposer une belle nouveaut\u00e9, un atelier enfant\u00a0 Celui-ci sera anim\u00e9 par la talentueuse et adorable\u00a0Marl\u00e8ne Verglas\u00a0qui d\u00e9dicacera aussi durant le week-end ses albums jeunesse\u00a0\u00ab\u00a0Le Roi Radin\u00a0\u00bb\u00a0et\u00a0\u00ab\u00a0La fabrique de Marie-Rose-Marie\u00a0\u00bb\u00a0chez\u00a0Balivernes \u00c9ditions. 3 ateliers par jour : 11H30 &#8211; 14H00 &#8211; 16H00 8 places par session Dur\u00e9e : 20 minutes Atelier enti\u00e8rement [&hellip;]<\/p>\n","protected":false},"author":1,"featured_media":6929,"parent":6448,"menu_order":0,"comment_status":"closed","ping_status":"closed","template":"page-with-sidebar","meta":{"footnotes":""},"class_list":["post-6928","page","type-page","status-publish","has-post-thumbnail","hentry"],"jetpack_sharing_enabled":true,"_links":{"self":[{"href":"https:\/\/bdmiam.fr\/index.php\/wp-json\/wp\/v2\/pages\/6928","targetHints":{"allow":["GET"]}}],"collection":[{"href":"https:\/\/bdmiam.fr\/index.php\/wp-json\/wp\/v2\/pages"}],"about":[{"href":"https:\/\/bdmiam.fr\/index.php\/wp-json\/wp\/v2\/types\/page"}],"author":[{"embeddable":true,"href":"https:\/\/bdmiam.fr\/index.php\/wp-json\/wp\/v2\/users\/1"}],"replies":[{"embeddable":true,"href":"https:\/\/bdmiam.fr\/index.php\/wp-json\/wp\/v2\/comments?post=6928"}],"version-history":[{"count":3,"href":"https:\/\/bdmiam.fr\/index.php\/wp-json\/wp\/v2\/pages\/6928\/revisions"}],"predecessor-version":[{"id":6937,"href":"https:\/\/bdmiam.fr\/index.php\/wp-json\/wp\/v2\/pages\/6928\/revisions\/6937"}],"up":[{"embeddable":true,"href":"https:\/\/bdmiam.fr\/index.php\/wp-json\/wp\/v2\/pages\/6448"}],"wp:featuredmedia":[{"embeddable":true,"href":"https:\/\/bdmiam.fr\/index.php\/wp-json\/wp\/v2\/media\/6929"}],"wp:attachment":[{"href":"https:\/\/bdmiam.fr\/index.php\/wp-json\/wp\/v2\/media?parent=6928"}],"curies":[{"name":"wp","href":"https:\/\/api.w.org\/{rel}","templated":true}]}}