{"id":7023,"date":"2025-01-26T21:03:18","date_gmt":"2025-01-26T20:03:18","guid":{"rendered":"https:\/\/bdmiam.fr\/?page_id=7023"},"modified":"2025-04-27T22:59:34","modified_gmt":"2025-04-27T20:59:34","slug":"julien-telo","status":"publish","type":"page","link":"https:\/\/bdmiam.fr\/index.php\/festival-2025-10eme-edition\/julien-telo\/","title":{"rendered":"Julien Telo"},"content":{"rendered":"\n<figure class=\"wp-block-image aligncenter size-medium\"><img data-recalc-dims=\"1\" loading=\"lazy\" decoding=\"async\" width=\"300\" height=\"300\" src=\"https:\/\/i0.wp.com\/bdmiam.fr\/wp-content\/uploads\/2025\/01\/Photo_27882.jpg?resize=300%2C300&#038;ssl=1\" alt=\"\" class=\"wp-image-7003\" srcset=\"https:\/\/i0.wp.com\/bdmiam.fr\/wp-content\/uploads\/2025\/01\/Photo_27882.jpg?resize=300%2C300&amp;ssl=1 300w, https:\/\/i0.wp.com\/bdmiam.fr\/wp-content\/uploads\/2025\/01\/Photo_27882.jpg?resize=150%2C150&amp;ssl=1 150w, https:\/\/i0.wp.com\/bdmiam.fr\/wp-content\/uploads\/2025\/01\/Photo_27882.jpg?w=650&amp;ssl=1 650w\" sizes=\"auto, (max-width: 300px) 100vw, 300px\" \/><\/figure>\n\n\n\n<p><\/p>\n\n\n\n<p class=\"has-text-align-center\"><strong>Julien Telo<\/strong>&nbsp;est un dessinateur de bande dessin\u00e9e n\u00e9 en 1987. Ilse passionne tr\u00e8s t\u00f4t pour la bande dessin\u00e9e, l&rsquo;animation, et l&rsquo;illustration. Apr\u00e8s des \u00e9tudes de graphisme \u00e0 Blois et quelques publications, notamment avec l\u2019ouvrage collectif&nbsp;<em>Caf\u00e9<\/em>&nbsp;<em>Sal\u00e9<\/em>, il int\u00e8gre le studio Elyum en 2010. En 2011, il r\u00e9alise son premier album chez Gl\u00e9nat,&nbsp;<em>Kinglsey<\/em>, avec au sc\u00e9nario Guillaume Dorison et Esteban Mathieu. \u00c0 partir de 2014, il dessine la s\u00e9rie d&rsquo;heroic fantasy&nbsp;<em>Elric<\/em>&nbsp;sur un sc\u00e9nario de Julien Blondel.&nbsp;<strong>R\u00e9side \u00e0 Tours.<\/strong><\/p>\n\n\n\n<figure data-wp-context=\"{&quot;imageId&quot;:&quot;69dd6717794bb&quot;}\" data-wp-interactive=\"core\/image\" data-wp-key=\"69dd6717794bb\" class=\"wp-block-image aligncenter size-large wp-lightbox-container\"><img data-recalc-dims=\"1\" loading=\"lazy\" decoding=\"async\" width=\"743\" height=\"1024\" data-wp-class--hide=\"state.isContentHidden\" data-wp-class--show=\"state.isContentVisible\" data-wp-init=\"callbacks.setButtonStyles\" data-wp-on--click=\"actions.showLightbox\" data-wp-on--load=\"callbacks.setButtonStyles\" data-wp-on-window--resize=\"callbacks.setButtonStyles\" src=\"https:\/\/i0.wp.com\/bdmiam.fr\/wp-content\/uploads\/2025\/04\/9782203225893_1_75.webp?resize=743%2C1024&#038;ssl=1\" alt=\"\" class=\"wp-image-7220\" srcset=\"https:\/\/i0.wp.com\/bdmiam.fr\/wp-content\/uploads\/2025\/04\/9782203225893_1_75.webp?resize=743%2C1024&amp;ssl=1 743w, https:\/\/i0.wp.com\/bdmiam.fr\/wp-content\/uploads\/2025\/04\/9782203225893_1_75.webp?resize=218%2C300&amp;ssl=1 218w, https:\/\/i0.wp.com\/bdmiam.fr\/wp-content\/uploads\/2025\/04\/9782203225893_1_75.webp?resize=768%2C1058&amp;ssl=1 768w, https:\/\/i0.wp.com\/bdmiam.fr\/wp-content\/uploads\/2025\/04\/9782203225893_1_75.webp?w=871&amp;ssl=1 871w\" sizes=\"auto, (max-width: 743px) 100vw, 743px\" \/><button\n\t\t\tclass=\"lightbox-trigger\"\n\t\t\ttype=\"button\"\n\t\t\taria-haspopup=\"dialog\"\n\t\t\taria-label=\"Agrandir\"\n\t\t\tdata-wp-init=\"callbacks.initTriggerButton\"\n\t\t\tdata-wp-on--click=\"actions.showLightbox\"\n\t\t\tdata-wp-style--right=\"state.imageButtonRight\"\n\t\t\tdata-wp-style--top=\"state.imageButtonTop\"\n\t\t>\n\t\t\t<svg xmlns=\"http:\/\/www.w3.org\/2000\/svg\" width=\"12\" height=\"12\" fill=\"none\" viewBox=\"0 0 12 12\">\n\t\t\t\t<path fill=\"#fff\" d=\"M2 0a2 2 0 0 0-2 2v2h1.5V2a.5.5 0 0 1 .5-.5h2V0H2Zm2 10.5H2a.5.5 0 0 1-.5-.5V8H0v2a2 2 0 0 0 2 2h2v-1.5ZM8 12v-1.5h2a.5.5 0 0 0 .5-.5V8H12v2a2 2 0 0 1-2 2H8Zm2-12a2 2 0 0 1 2 2v2h-1.5V2a.5.5 0 0 0-.5-.5H8V0h2Z\" \/>\n\t\t\t<\/svg>\n\t\t<\/button><\/figure>\n\n\n\n<p class=\"has-text-align-center\">Source : <a href=\"https:\/\/www.glenat.com\/auteurs\/julien-telo\" target=\"_blank\" rel=\"noreferrer noopener\">Editions GLENAT<\/a><\/p>\n\n\n\n<p><\/p>\n","protected":false},"excerpt":{"rendered":"<p>Julien Telo&nbsp;est un dessinateur de bande dessin\u00e9e n\u00e9 en 1987. Ilse passionne tr\u00e8s t\u00f4t pour la bande dessin\u00e9e, l&rsquo;animation, et l&rsquo;illustration. Apr\u00e8s des \u00e9tudes de graphisme \u00e0 Blois et quelques publications, notamment avec l\u2019ouvrage collectif&nbsp;Caf\u00e9&nbsp;Sal\u00e9, il int\u00e8gre le studio Elyum en 2010. En 2011, il r\u00e9alise son premier album chez Gl\u00e9nat,&nbsp;Kinglsey, avec au sc\u00e9nario Guillaume [&hellip;]<\/p>\n","protected":false},"author":1,"featured_media":7004,"parent":7007,"menu_order":0,"comment_status":"closed","ping_status":"closed","template":"page-with-sidebar","meta":{"footnotes":""},"class_list":["post-7023","page","type-page","status-publish","has-post-thumbnail","hentry"],"jetpack_sharing_enabled":true,"_links":{"self":[{"href":"https:\/\/bdmiam.fr\/index.php\/wp-json\/wp\/v2\/pages\/7023","targetHints":{"allow":["GET"]}}],"collection":[{"href":"https:\/\/bdmiam.fr\/index.php\/wp-json\/wp\/v2\/pages"}],"about":[{"href":"https:\/\/bdmiam.fr\/index.php\/wp-json\/wp\/v2\/types\/page"}],"author":[{"embeddable":true,"href":"https:\/\/bdmiam.fr\/index.php\/wp-json\/wp\/v2\/users\/1"}],"replies":[{"embeddable":true,"href":"https:\/\/bdmiam.fr\/index.php\/wp-json\/wp\/v2\/comments?post=7023"}],"version-history":[{"count":6,"href":"https:\/\/bdmiam.fr\/index.php\/wp-json\/wp\/v2\/pages\/7023\/revisions"}],"predecessor-version":[{"id":7221,"href":"https:\/\/bdmiam.fr\/index.php\/wp-json\/wp\/v2\/pages\/7023\/revisions\/7221"}],"up":[{"embeddable":true,"href":"https:\/\/bdmiam.fr\/index.php\/wp-json\/wp\/v2\/pages\/7007"}],"wp:featuredmedia":[{"embeddable":true,"href":"https:\/\/bdmiam.fr\/index.php\/wp-json\/wp\/v2\/media\/7004"}],"wp:attachment":[{"href":"https:\/\/bdmiam.fr\/index.php\/wp-json\/wp\/v2\/media?parent=7023"}],"curies":[{"name":"wp","href":"https:\/\/api.w.org\/{rel}","templated":true}]}}