{"id":7496,"date":"2026-03-22T15:38:23","date_gmt":"2026-03-22T14:38:23","guid":{"rendered":"https:\/\/bdmiam.fr\/?page_id=7496"},"modified":"2026-03-22T15:38:23","modified_gmt":"2026-03-22T14:38:23","slug":"ben-jurdic","status":"publish","type":"page","link":"https:\/\/bdmiam.fr\/index.php\/ben-jurdic\/","title":{"rendered":"Ben Jurdic"},"content":{"rendered":"\n<figure data-wp-context=\"{&quot;imageId&quot;:&quot;69dc32dd95296&quot;}\" data-wp-interactive=\"core\/image\" data-wp-key=\"69dc32dd95296\" class=\"wp-block-image aligncenter size-medium wp-lightbox-container\"><img data-recalc-dims=\"1\" loading=\"lazy\" decoding=\"async\" width=\"300\" height=\"300\" data-wp-class--hide=\"state.isContentHidden\" data-wp-class--show=\"state.isContentVisible\" data-wp-init=\"callbacks.setButtonStyles\" data-wp-on--click=\"actions.showLightbox\" data-wp-on--load=\"callbacks.setButtonStyles\" data-wp-on-window--resize=\"callbacks.setButtonStyles\" src=\"https:\/\/i0.wp.com\/bdmiam.fr\/wp-content\/uploads\/2026\/03\/Photo_18992.jpg?resize=300%2C300&#038;ssl=1\" alt=\"\" class=\"wp-image-7498\" srcset=\"https:\/\/i0.wp.com\/bdmiam.fr\/wp-content\/uploads\/2026\/03\/Photo_18992.jpg?resize=300%2C300&amp;ssl=1 300w, https:\/\/i0.wp.com\/bdmiam.fr\/wp-content\/uploads\/2026\/03\/Photo_18992.jpg?resize=150%2C150&amp;ssl=1 150w, https:\/\/i0.wp.com\/bdmiam.fr\/wp-content\/uploads\/2026\/03\/Photo_18992.jpg?w=650&amp;ssl=1 650w\" sizes=\"auto, (max-width: 300px) 100vw, 300px\" \/><button\n\t\t\tclass=\"lightbox-trigger\"\n\t\t\ttype=\"button\"\n\t\t\taria-haspopup=\"dialog\"\n\t\t\taria-label=\"Agrandir\"\n\t\t\tdata-wp-init=\"callbacks.initTriggerButton\"\n\t\t\tdata-wp-on--click=\"actions.showLightbox\"\n\t\t\tdata-wp-style--right=\"state.imageButtonRight\"\n\t\t\tdata-wp-style--top=\"state.imageButtonTop\"\n\t\t>\n\t\t\t<svg xmlns=\"http:\/\/www.w3.org\/2000\/svg\" width=\"12\" height=\"12\" fill=\"none\" viewBox=\"0 0 12 12\">\n\t\t\t\t<path fill=\"#fff\" d=\"M2 0a2 2 0 0 0-2 2v2h1.5V2a.5.5 0 0 1 .5-.5h2V0H2Zm2 10.5H2a.5.5 0 0 1-.5-.5V8H0v2a2 2 0 0 0 2 2h2v-1.5ZM8 12v-1.5h2a.5.5 0 0 0 .5-.5V8H12v2a2 2 0 0 1-2 2H8Zm2-12a2 2 0 0 1 2 2v2h-1.5V2a.5.5 0 0 0-.5-.5H8V0h2Z\" \/>\n\t\t\t<\/svg>\n\t\t<\/button><\/figure>\n\n\n\n<p><\/p>\n\n\n\n<p class=\"has-text-align-center\"><strong>Franco-Suisse, n\u00e9 en 1984 en Floride<\/strong>, au pays des comics et des super-h\u00e9ros \u00e0 gros biceps, il rejoint la France d\u00e8s sa premi\u00e8re ann\u00e9e pour plonger \u00e0 bras ouverts dans la culture bd franco-belge et sa richesse incomparable. <\/p>\n\n\n\n<p class=\"has-text-align-center\">Cependant, les nombreux mangas d\u00e9vor\u00e9s dans les ann\u00e9es 2000 laisseront \u00e9galement une trace dans sa vie d&rsquo;auteur et cette diversit\u00e9 d&rsquo;influences lui permettra d&rsquo;\u00e9voluer dans les domaines de la bande dessin\u00e9e jeunesse (<strong>Zo\u00e9 baby-sitter tomes 1 et 2 aux \u00e9ditions Soleil, Les larmes de N\u00fcwa chez Makaka \u00e9ditions<\/strong>) comme de la bande dessin\u00e9e plus adulte (<strong>3 fois rien, \u00e9ditions KSTR, Happy-End, \u00e9ditions du Lombard<\/strong>) et du dessin anim\u00e9.<\/p>\n\n\n\n<p class=\"has-text-align-center\"><strong>Dipl\u00f4m\u00e9 de l&rsquo;\u00e9cole d&rsquo;arts appliqu\u00e9s Emile Cohl en 2006<\/strong>, Ben signe son premier album en 2009. Depuis, il travaille r\u00e9guli\u00e8rement dans l&rsquo;illustration, le graphisme et l&rsquo;animation, tout en poursuivant son activit\u00e9 d&rsquo;auteur de bandes dessin\u00e9es sur Lyon, participant depuis ses d\u00e9buts au projet <strong>Les rues de Lyon avec l&rsquo;association l&rsquo;Epicerie S\u00e9quentielle, signant trois num\u00e9ros du mensuel (L&rsquo;histoire de la Fanny \/ La bataille des Tard-Venus \/ Lyon, patrimoine mondial de l&rsquo;UNESCO).<\/strong><\/p>\n\n\n\n<p><\/p>\n\n\n\n<figure class=\"wp-block-image aligncenter size-full\"><img data-recalc-dims=\"1\" loading=\"lazy\" decoding=\"async\" width=\"655\" height=\"864\" src=\"https:\/\/i0.wp.com\/bdmiam.fr\/wp-content\/uploads\/2026\/03\/653701179_10237921362325508_3058396327044844108_n.jpg?resize=655%2C864&#038;ssl=1\" alt=\"\" class=\"wp-image-7483\" srcset=\"https:\/\/i0.wp.com\/bdmiam.fr\/wp-content\/uploads\/2026\/03\/653701179_10237921362325508_3058396327044844108_n.jpg?w=655&amp;ssl=1 655w, https:\/\/i0.wp.com\/bdmiam.fr\/wp-content\/uploads\/2026\/03\/653701179_10237921362325508_3058396327044844108_n.jpg?resize=227%2C300&amp;ssl=1 227w\" sizes=\"auto, (max-width: 655px) 100vw, 655px\" \/><\/figure>\n\n\n\n<p><\/p>\n\n\n\n<p class=\"has-text-align-center\">Sources : <strong><a href=\"https:\/\/www.lelombard.com\/auteur-bd\/jurdic-benjamin\" data-type=\"link\" data-id=\"https:\/\/www.lelombard.com\/auteur-bd\/jurdic-benjamin\" target=\"_blank\" rel=\"noreferrer noopener\">Lelombard.com<\/a><\/strong><\/p>\n","protected":false},"excerpt":{"rendered":"<p>Franco-Suisse, n\u00e9 en 1984 en Floride, au pays des comics et des super-h\u00e9ros \u00e0 gros biceps, il rejoint la France d\u00e8s sa premi\u00e8re ann\u00e9e pour plonger \u00e0 bras ouverts dans la culture bd franco-belge et sa richesse incomparable. Cependant, les nombreux mangas d\u00e9vor\u00e9s dans les ann\u00e9es 2000 laisseront \u00e9galement une trace dans sa vie d&rsquo;auteur [&hellip;]<\/p>\n","protected":false},"author":1,"featured_media":7497,"parent":0,"menu_order":0,"comment_status":"closed","ping_status":"closed","template":"page-with-sidebar","meta":{"footnotes":""},"class_list":["post-7496","page","type-page","status-publish","has-post-thumbnail","hentry"],"jetpack_sharing_enabled":true,"_links":{"self":[{"href":"https:\/\/bdmiam.fr\/index.php\/wp-json\/wp\/v2\/pages\/7496","targetHints":{"allow":["GET"]}}],"collection":[{"href":"https:\/\/bdmiam.fr\/index.php\/wp-json\/wp\/v2\/pages"}],"about":[{"href":"https:\/\/bdmiam.fr\/index.php\/wp-json\/wp\/v2\/types\/page"}],"author":[{"embeddable":true,"href":"https:\/\/bdmiam.fr\/index.php\/wp-json\/wp\/v2\/users\/1"}],"replies":[{"embeddable":true,"href":"https:\/\/bdmiam.fr\/index.php\/wp-json\/wp\/v2\/comments?post=7496"}],"version-history":[{"count":1,"href":"https:\/\/bdmiam.fr\/index.php\/wp-json\/wp\/v2\/pages\/7496\/revisions"}],"predecessor-version":[{"id":7499,"href":"https:\/\/bdmiam.fr\/index.php\/wp-json\/wp\/v2\/pages\/7496\/revisions\/7499"}],"wp:featuredmedia":[{"embeddable":true,"href":"https:\/\/bdmiam.fr\/index.php\/wp-json\/wp\/v2\/media\/7497"}],"wp:attachment":[{"href":"https:\/\/bdmiam.fr\/index.php\/wp-json\/wp\/v2\/media?parent=7496"}],"curies":[{"name":"wp","href":"https:\/\/api.w.org\/{rel}","templated":true}]}}