{"id":7533,"date":"2026-03-22T17:17:48","date_gmt":"2026-03-22T16:17:48","guid":{"rendered":"https:\/\/bdmiam.fr\/?page_id=7533"},"modified":"2026-03-22T17:17:48","modified_gmt":"2026-03-22T16:17:48","slug":"jolan-thomas","status":"publish","type":"page","link":"https:\/\/bdmiam.fr\/index.php\/festival-2026\/jolan-thomas\/","title":{"rendered":"Jolan Thomas"},"content":{"rendered":"\n<figure data-wp-context=\"{&quot;imageId&quot;:&quot;69dadda2c5c13&quot;}\" data-wp-interactive=\"core\/image\" data-wp-key=\"69dadda2c5c13\" class=\"wp-block-image aligncenter size-medium wp-lightbox-container\"><img data-recalc-dims=\"1\" loading=\"lazy\" decoding=\"async\" width=\"300\" height=\"300\" data-wp-class--hide=\"state.isContentHidden\" data-wp-class--show=\"state.isContentVisible\" data-wp-init=\"callbacks.setButtonStyles\" data-wp-on--click=\"actions.showLightbox\" data-wp-on--load=\"callbacks.setButtonStyles\" data-wp-on-window--resize=\"callbacks.setButtonStyles\" src=\"https:\/\/i0.wp.com\/bdmiam.fr\/wp-content\/uploads\/2026\/03\/Jolan-Thomas.jpg?resize=300%2C300&#038;ssl=1\" alt=\"\" class=\"wp-image-7536\" srcset=\"https:\/\/i0.wp.com\/bdmiam.fr\/wp-content\/uploads\/2026\/03\/Jolan-Thomas.jpg?resize=300%2C300&amp;ssl=1 300w, https:\/\/i0.wp.com\/bdmiam.fr\/wp-content\/uploads\/2026\/03\/Jolan-Thomas.jpg?resize=150%2C150&amp;ssl=1 150w, https:\/\/i0.wp.com\/bdmiam.fr\/wp-content\/uploads\/2026\/03\/Jolan-Thomas.jpg?w=650&amp;ssl=1 650w\" sizes=\"auto, (max-width: 300px) 100vw, 300px\" \/><button\n\t\t\tclass=\"lightbox-trigger\"\n\t\t\ttype=\"button\"\n\t\t\taria-haspopup=\"dialog\"\n\t\t\taria-label=\"Agrandir\"\n\t\t\tdata-wp-init=\"callbacks.initTriggerButton\"\n\t\t\tdata-wp-on--click=\"actions.showLightbox\"\n\t\t\tdata-wp-style--right=\"state.imageButtonRight\"\n\t\t\tdata-wp-style--top=\"state.imageButtonTop\"\n\t\t>\n\t\t\t<svg xmlns=\"http:\/\/www.w3.org\/2000\/svg\" width=\"12\" height=\"12\" fill=\"none\" viewBox=\"0 0 12 12\">\n\t\t\t\t<path fill=\"#fff\" d=\"M2 0a2 2 0 0 0-2 2v2h1.5V2a.5.5 0 0 1 .5-.5h2V0H2Zm2 10.5H2a.5.5 0 0 1-.5-.5V8H0v2a2 2 0 0 0 2 2h2v-1.5ZM8 12v-1.5h2a.5.5 0 0 0 .5-.5V8H12v2a2 2 0 0 1-2 2H8Zm2-12a2 2 0 0 1 2 2v2h-1.5V2a.5.5 0 0 0-.5-.5H8V0h2Z\" \/>\n\t\t\t<\/svg>\n\t\t<\/button><\/figure>\n\n\n\n<p><\/p>\n\n\n\n<p class=\"has-text-align-center\">Il a suivi une formation en arts graphiques illustration chez <strong>Brassart Bordeaux<\/strong> de 2018 \u00e0 2022. <\/p>\n\n\n\n<p class=\"has-text-align-center\">Passionn\u00e9 de bande dessin\u00e9e, il s\u2019est tr\u00e8s rapidement mis \u00e0 \u00e9crire des histoires et dessiner des planches. <\/p>\n\n\n\n<p class=\"has-text-align-center\">Ses influences majeures sont le graveur australien <strong>Norman Lindsay<\/strong>, l\u2019illustratrice qu\u00e9b\u00e9coise <strong>Julie Rocheleau<\/strong> et le dessinateur fran\u00e7ais <strong>Thierry S\u00e9gur.<\/strong><\/p>\n\n\n\n<p class=\"has-text-align-center\"><br>Son style graphique est tr\u00e8s inspir\u00e9 de la gravure, avec une recherche particuli\u00e8re sur les jeux de lumi\u00e8re. <\/p>\n\n\n\n<p class=\"has-text-align-center\">Ses univers vont de la fantasy au western, avec des visuels denses et oniriques.<\/p>\n\n\n\n<p class=\"has-text-align-center\"><br>Chez <strong>familiaR \u00c9ditions<\/strong>, il d\u00e9veloppe sa premi\u00e8re <strong>BD LE PROC\u00c8S DES AFFAM\u00c9S<\/strong>, une \u0153uvre sombre et engag\u00e9e \u00e0 sortir en Janvier 2026.<\/p>\n\n\n\n<p><\/p>\n\n\n\n<p class=\"has-text-align-center\"><strong>Achat sur place obligatoire<\/strong><\/p>\n\n\n\n<p><\/p>\n\n\n\n<figure class=\"wp-block-image aligncenter size-large\"><img data-recalc-dims=\"1\" loading=\"lazy\" decoding=\"async\" width=\"756\" height=\"1024\" src=\"https:\/\/i0.wp.com\/bdmiam.fr\/wp-content\/uploads\/2026\/03\/Couv_532280.jpg?resize=756%2C1024&#038;ssl=1\" alt=\"\" class=\"wp-image-7537\" srcset=\"https:\/\/i0.wp.com\/bdmiam.fr\/wp-content\/uploads\/2026\/03\/Couv_532280.jpg?resize=756%2C1024&amp;ssl=1 756w, https:\/\/i0.wp.com\/bdmiam.fr\/wp-content\/uploads\/2026\/03\/Couv_532280.jpg?resize=222%2C300&amp;ssl=1 222w, https:\/\/i0.wp.com\/bdmiam.fr\/wp-content\/uploads\/2026\/03\/Couv_532280.jpg?resize=768%2C1040&amp;ssl=1 768w, https:\/\/i0.wp.com\/bdmiam.fr\/wp-content\/uploads\/2026\/03\/Couv_532280.jpg?w=850&amp;ssl=1 850w\" sizes=\"auto, (max-width: 756px) 100vw, 756px\" \/><\/figure>\n\n\n\n<p><\/p>\n\n\n\n<p class=\"has-text-align-center\">Source : <strong><a href=\"https:\/\/www.bedetheque.com\/auteur-76110-BD-Thomas-Jolan.html\" data-type=\"link\" data-id=\"https:\/\/www.bedetheque.com\/auteur-76110-BD-Thomas-Jolan.html\" target=\"_blank\" rel=\"noreferrer noopener\">Bedetheque.com<\/a><\/strong><\/p>\n\n\n\n<p><\/p>\n","protected":false},"excerpt":{"rendered":"<p>Il a suivi une formation en arts graphiques illustration chez Brassart Bordeaux de 2018 \u00e0 2022. Passionn\u00e9 de bande dessin\u00e9e, il s\u2019est tr\u00e8s rapidement mis \u00e0 \u00e9crire des histoires et dessiner des planches. Ses influences majeures sont le graveur australien Norman Lindsay, l\u2019illustratrice qu\u00e9b\u00e9coise Julie Rocheleau et le dessinateur fran\u00e7ais Thierry S\u00e9gur. Son style graphique [&hellip;]<\/p>\n","protected":false},"author":1,"featured_media":7534,"parent":7459,"menu_order":0,"comment_status":"closed","ping_status":"closed","template":"page-with-sidebar","meta":{"footnotes":""},"class_list":["post-7533","page","type-page","status-publish","has-post-thumbnail","hentry"],"jetpack_sharing_enabled":true,"_links":{"self":[{"href":"https:\/\/bdmiam.fr\/index.php\/wp-json\/wp\/v2\/pages\/7533","targetHints":{"allow":["GET"]}}],"collection":[{"href":"https:\/\/bdmiam.fr\/index.php\/wp-json\/wp\/v2\/pages"}],"about":[{"href":"https:\/\/bdmiam.fr\/index.php\/wp-json\/wp\/v2\/types\/page"}],"author":[{"embeddable":true,"href":"https:\/\/bdmiam.fr\/index.php\/wp-json\/wp\/v2\/users\/1"}],"replies":[{"embeddable":true,"href":"https:\/\/bdmiam.fr\/index.php\/wp-json\/wp\/v2\/comments?post=7533"}],"version-history":[{"count":2,"href":"https:\/\/bdmiam.fr\/index.php\/wp-json\/wp\/v2\/pages\/7533\/revisions"}],"predecessor-version":[{"id":7538,"href":"https:\/\/bdmiam.fr\/index.php\/wp-json\/wp\/v2\/pages\/7533\/revisions\/7538"}],"up":[{"embeddable":true,"href":"https:\/\/bdmiam.fr\/index.php\/wp-json\/wp\/v2\/pages\/7459"}],"wp:featuredmedia":[{"embeddable":true,"href":"https:\/\/bdmiam.fr\/index.php\/wp-json\/wp\/v2\/media\/7534"}],"wp:attachment":[{"href":"https:\/\/bdmiam.fr\/index.php\/wp-json\/wp\/v2\/media?parent=7533"}],"curies":[{"name":"wp","href":"https:\/\/api.w.org\/{rel}","templated":true}]}}